
{"id":853,"date":"2025-05-13T11:42:13","date_gmt":"2025-05-13T11:42:13","guid":{"rendered":"https:\/\/elprincipaldecorsega.com\/\/portfolio\/claudia-terstappen\/"},"modified":"2025-05-14T10:17:10","modified_gmt":"2025-05-14T10:17:10","slug":"claudia-terstappen","status":"publish","type":"portfolio","link":"https:\/\/elprincipaldecorsega.com\/fr\/artistes\/claudia-terstappen\/","title":{"rendered":"Claudia Terstappen"},"content":{"rendered":"<div class=\"wpb-content-wrapper\">[vc_row][vc_column][vc_column_text css=\u00a0\u00bb\u00a0\u00bb el_class=\u00a0\u00bbartist-header\u00a0\u00bb]\r\n<h2>Artistes<\/h2>\r\n[\/vc_column_text][\/vc_column][\/vc_row][vc_row css=\u00a0\u00bb.vc_custom_1724521804683{margin-bottom: 32px !important;}\u00a0\u00bb][vc_column width=\u00a0\u00bb1\/3&Prime;][vc_btn title=\u00a0\u00bb\u00a0\u00bb shape=\u00a0\u00bbround\u00a0\u00bb i_icon_fontawesome=\u00a0\u00bbfas fa-times\u00a0\u00bb css=\u00a0\u00bb\u00a0\u00bb add_icon=\u00a0\u00bbtrue\u00a0\u00bb link=\u00a0\u00bburl:https%3A%2F%2FTO_REPLACE%2Fartistes%2F|title:Artistes|\u00a0\u00bb el_class=\u00a0\u00bbgo-back-mobile\u00a0\u00bb][vc_single_image image=\u00a0\u00bb810&Prime; img_size=\u00a0\u00bb600&#215;600&Prime; css=\u00a0\u00bb\u00a0\u00bb][\/vc_column][vc_column width=\u00a0\u00bb2\/3&Prime; el_class=\u00a0\u00bbartist-description\u00a0\u00bb][vc_btn title=\u00a0\u00bb\u00a0\u00bb shape=\u00a0\u00bbround\u00a0\u00bb i_icon_fontawesome=\u00a0\u00bbfas fa-times\u00a0\u00bb css=\u00a0\u00bb\u00a0\u00bb add_icon=\u00a0\u00bbtrue\u00a0\u00bb link=\u00a0\u00bburl:https%3A%2F%2FTO_REPLACE%2Fartistes%2F|title:Artistes|\u00a0\u00bb el_class=\u00a0\u00bbgo-back\u00a0\u00bb][vc_column_text css=\u00a0\u00bb\u00a0\u00bb el_class=\u00a0\u00bbartist\u00a0\u00bb]\r\n<h1>Claudia Terstappen<\/h1>\r\n[\/vc_column_text][vc_column_text css=\u00a0\u00bb\u00a0\u00bb]Originaire d&rsquo;Arnsberg (Allemagne), o\u00f9 elle est n\u00e9e en 1959, Terstappen a \u00e9tudi\u00e9 la Litt\u00e9rature allemande et la Philosophie \u00e0 l&rsquo;Universit\u00e9 Heinrich Heine, avant de poursuivre ses \u00e9tudes en Sculpture et Photographie \u00e0 l&rsquo;Acad\u00e9mie des Beaux-Arts de D\u00fcsseldorf. Ses pr\u00e9occupations cr\u00e9atives l&rsquo;ont amen\u00e9e \u00e0 vivre et \u00e0 travailler dans diff\u00e9rents endroits du monde \u2013 actuellement, elle r\u00e9side entre Barcelone et Melbourne \u2013 d\u00e9veloppant ainsi une carri\u00e8re qui se d\u00e9place naturellement entre les cultures et les paysages. \n\nSon travail se d\u00e9ploie principalement \u00e0 travers la photographie et la sculpture-c\u00e9ramique, bien qu&rsquo;il ne se limite jamais \u00e0 une seule discipline. Au-del\u00e0 du support ou de la technique, son travail part d&rsquo;une exp\u00e9rience intime avec la Nature, en particulier dans des environnements recul\u00e9s. Les photographies capturent l&rsquo;imm\u00e9diatet\u00e9 du paysage v\u00e9cu et m\u00e9dit\u00e9, tandis que les c\u00e9ramiques offrent une interpr\u00e9tation plus abstraite, comme s&rsquo;il s&rsquo;agissait d&rsquo;objets de culte. Tant les photographies que les c\u00e9ramiques partagent l&rsquo;int\u00e9r\u00eat de Claudia pour la transcendance.   \n\nL&rsquo;une des constantes de sa pens\u00e9e artistique est la r\u00e9flexion sur les relations entre religion, science et superstition. Cette ligne th\u00e9matique prend forme \u00e0 travers un regard qui allie intuition, recherche et sensibilit\u00e9 anthropologique. Ses voyages dans des pays comme le Br\u00e9sil, le Mexique, les \u00c9tats-Unis, l&rsquo;Islande, le Japon, l&rsquo;Indon\u00e9sie et le sud de l&rsquo;Espagne lui ont permis de se connecter avec des traditions ancestrales et des formes de croyance enracin\u00e9es dans la terre, explorant la persistance des mythes et des rituels dans les soci\u00e9t\u00e9s contemporaines.  \n\nLoin de toute rh\u00e9torique d\u00e9corative, son esth\u00e9tique se construit \u00e0 partir de l&rsquo;observation et de la conscience de l&rsquo;environnement. Forte de plus de trente ans de carri\u00e8re, Claudia Terstappen a pr\u00e9sent\u00e9 son travail dans de nombreuses expositions internationales (tant dans des mus\u00e9es que dans des galeries), a \u00e9t\u00e9 reconnue par plusieurs prix et a \u00e9t\u00e9 publi\u00e9e dans de nombreuses publications. Son travail, d&rsquo;une grande coh\u00e9rence formelle et conceptuelle, invite \u00e0 une lecture ouverte et profonde du lien humain avec la Nature, l&rsquo;Art, la m\u00e9moire, le passage du temps, la vie et la mort, en somme.  \n\n<a href=\"https:\/\/www.claudiaterstappen.com\/\" target=\"_blank\" rel=\"noopener\">Web Claudia Terstappen<\/a>[\/vc_column_text][\/vc_column][\/vc_row][vc_row][vc_column][vc_masonry_media_grid css=\u00a0\u00bb\u00a0\u00bb grid_id=\u00a0\u00bbvc_gid:1747217802917-8794cae1-a197-1&Prime; include=\u00a0\u00bb814,818,822&Prime;][\/vc_column][\/vc_row]<\/div>","protected":false},"excerpt":{"rendered":"Claudia Terstappen est une artiste visuelle qui explore les connexions visibles et, surtout, invisibles entre la Nature et la Culture, abordant des concepts tels que la croyance, le sacr\u00e9, la m\u00e9moire et la transformation \u00e0 travers ses \u0153uvres.","protected":false},"featured_media":812,"parent":0,"menu_order":0,"comment_status":"closed","ping_status":"closed","template":"","tags":[],"class_list":["post-853","portfolio","type-portfolio","status-publish","has-post-thumbnail","hentry"],"acf":[],"_links":{"self":[{"href":"https:\/\/elprincipaldecorsega.com\/fr\/wp-json\/wp\/v2\/portfolio\/853","targetHints":{"allow":["GET"]}}],"collection":[{"href":"https:\/\/elprincipaldecorsega.com\/fr\/wp-json\/wp\/v2\/portfolio"}],"about":[{"href":"https:\/\/elprincipaldecorsega.com\/fr\/wp-json\/wp\/v2\/types\/portfolio"}],"replies":[{"embeddable":true,"href":"https:\/\/elprincipaldecorsega.com\/fr\/wp-json\/wp\/v2\/comments?post=853"}],"version-history":[{"count":4,"href":"https:\/\/elprincipaldecorsega.com\/fr\/wp-json\/wp\/v2\/portfolio\/853\/revisions"}],"predecessor-version":[{"id":860,"href":"https:\/\/elprincipaldecorsega.com\/fr\/wp-json\/wp\/v2\/portfolio\/853\/revisions\/860"}],"wp:featuredmedia":[{"embeddable":true,"href":"https:\/\/elprincipaldecorsega.com\/fr\/wp-json\/wp\/v2\/media\/812"}],"wp:attachment":[{"href":"https:\/\/elprincipaldecorsega.com\/fr\/wp-json\/wp\/v2\/media?parent=853"}],"wp:term":[{"taxonomy":"post_tag","embeddable":true,"href":"https:\/\/elprincipaldecorsega.com\/fr\/wp-json\/wp\/v2\/tags?post=853"}],"curies":[{"name":"wp","href":"https:\/\/api.w.org\/{rel}","templated":true}]}}

<div class="wpb-content-wrapper">[vc_row][vc_column][vc_column_text css= » » el_class= »artist-header »]
<h2>Artistes</h2>
[/vc_column_text][/vc_column][/vc_row][vc_row css= ».vc_custom_1724521804683{margin-bottom: 32px !important;} »][vc_column width= »1/3&Prime;][vc_btn title= » » shape= »round » i_icon_fontawesome= »fas fa-times » css= » » add_icon= »true » link= »url:https%3A%2F%2FTO_REPLACE%2Fartistes%2F|title:Artistes| » el_class= »go-back-mobile »][vc_single_image image= »810&Prime; img_size= »600&#215;600&Prime; css= » »][/vc_column][vc_column width= »2/3&Prime; el_class= »artist-description »][vc_btn title= » » shape= »round » i_icon_fontawesome= »fas fa-times » css= » » add_icon= »true » link= »url:https%3A%2F%2FTO_REPLACE%2Fartistes%2F|title:Artistes| » el_class= »go-back »][vc_column_text css= » » el_class= »artist »]
<h1>Claudia Terstappen</h1>
[/vc_column_text][vc_column_text css= » »]Originaire d&rsquo;Arnsberg (Allemagne), où elle est née en 1959, Terstappen a étudié la Littérature allemande et la Philosophie à l&rsquo;Université Heinrich Heine, avant de poursuivre ses études en Sculpture et Photographie à l&rsquo;Académie des Beaux-Arts de Düsseldorf. Ses préoccupations créatives l&rsquo;ont amenée à vivre et à travailler dans différents endroits du monde – actuellement, elle réside entre Barcelone et Melbourne – développant ainsi une carrière qui se déplace naturellement entre les cultures et les paysages. 

Son travail se déploie principalement à travers la photographie et la sculpture-céramique, bien qu&rsquo;il ne se limite jamais à une seule discipline. Au-delà du support ou de la technique, son travail part d&rsquo;une expérience intime avec la Nature, en particulier dans des environnements reculés. Les photographies capturent l&rsquo;immédiateté du paysage vécu et médité, tandis que les céramiques offrent une interprétation plus abstraite, comme s&rsquo;il s&rsquo;agissait d&rsquo;objets de culte. Tant les photographies que les céramiques partagent l&rsquo;intérêt de Claudia pour la transcendance.   

L&rsquo;une des constantes de sa pensée artistique est la réflexion sur les relations entre religion, science et superstition. Cette ligne thématique prend forme à travers un regard qui allie intuition, recherche et sensibilité anthropologique. Ses voyages dans des pays comme le Brésil, le Mexique, les États-Unis, l&rsquo;Islande, le Japon, l&rsquo;Indonésie et le sud de l&rsquo;Espagne lui ont permis de se connecter avec des traditions ancestrales et des formes de croyance enracinées dans la terre, explorant la persistance des mythes et des rituels dans les sociétés contemporaines.  

Loin de toute rhétorique décorative, son esthétique se construit à partir de l&rsquo;observation et de la conscience de l&rsquo;environnement. Forte de plus de trente ans de carrière, Claudia Terstappen a présenté son travail dans de nombreuses expositions internationales (tant dans des musées que dans des galeries), a été reconnue par plusieurs prix et a été publiée dans de nombreuses publications. Son travail, d&rsquo;une grande cohérence formelle et conceptuelle, invite à une lecture ouverte et profonde du lien humain avec la Nature, l&rsquo;Art, la mémoire, le passage du temps, la vie et la mort, en somme.  

<a href="https://www.claudiaterstappen.com/" target="_blank" rel="noopener">Web Claudia Terstappen</a>[/vc_column_text][/vc_column][/vc_row][vc_row][vc_column][vc_masonry_media_grid css= » » grid_id= »vc_gid:1747217802917-8794cae1-a197-1&Prime; include= »814,818,822&Prime;][/vc_column][/vc_row]</div>

Claudia Terstappen est une artiste visuelle qui explore les connexions visibles et, surtout, invisibles entre la Nature et la Culture, abordant des concepts tels que la croyance, le sacré, la mémoire et la transformation à travers ses œuvres.
