
{"id":1088,"date":"2025-11-10T12:06:42","date_gmt":"2025-11-10T12:06:42","guid":{"rendered":"https:\/\/elprincipaldecorsega.com\/portfolio\/ramon-herreros\/"},"modified":"2025-11-10T12:19:03","modified_gmt":"2025-11-10T12:19:03","slug":"ramon-herreros","status":"publish","type":"portfolio","link":"https:\/\/elprincipaldecorsega.com\/fr\/artistes\/ramon-herreros\/","title":{"rendered":"Ramon Herreros"},"content":{"rendered":"<div class=\"wpb-content-wrapper\">[vc_row][vc_column][vc_column_text css=\u00a0\u00bb\u00a0\u00bb el_class=\u00a0\u00bbartist-header\u00a0\u00bb]\r\n<h2>Artistes<\/h2>\r\n[\/vc_column_text][\/vc_column][\/vc_row][vc_row css=\u00a0\u00bb.vc_custom_1724521804683{margin-bottom: 32px !important;}\u00a0\u00bb][vc_column width=\u00a0\u00bb1\/3&Prime;][vc_btn title=\u00a0\u00bb\u00a0\u00bb shape=\u00a0\u00bbround\u00a0\u00bb i_icon_fontawesome=\u00a0\u00bbfas fa-times\u00a0\u00bb css=\u00a0\u00bb\u00a0\u00bb add_icon=\u00a0\u00bbtrue\u00a0\u00bb link=\u00a0\u00bburl:https%3A%2F%2FTO_REPLACE%2Fartistes%2F|title:Artistes|\u00a0\u00bb el_class=\u00a0\u00bbgo-back-mobile\u00a0\u00bb][vc_single_image image=\u00a0\u00bb1073&Prime; img_size=\u00a0\u00bb600&#215;600&Prime; css=\u00a0\u00bb\u00a0\u00bb][\/vc_column][vc_column width=\u00a0\u00bb2\/3&Prime; el_class=\u00a0\u00bbartist-description\u00a0\u00bb][vc_btn title=\u00a0\u00bb\u00a0\u00bb shape=\u00a0\u00bbround\u00a0\u00bb i_icon_fontawesome=\u00a0\u00bbfas fa-times\u00a0\u00bb css=\u00a0\u00bb\u00a0\u00bb add_icon=\u00a0\u00bbtrue\u00a0\u00bb link=\u00a0\u00bburl:https%3A%2F%2FTO_REPLACE%2Fartistes%2F|title:Artistes|\u00a0\u00bb el_class=\u00a0\u00bbgo-back\u00a0\u00bb][vc_column_text css=\u00a0\u00bb\u00a0\u00bb el_class=\u00a0\u00bbartist\u00a0\u00bb]\r\n<h1>Ramon Herreros<\/h1>\r\n[\/vc_column_text][vc_column_text css=\u00a0\u00bb\u00a0\u00bb]Form\u00e9 \u00e0 l\u2019\u00c9cole Massana entre 1962 et 1967 \u2014o\u00f9 il \u00e9tudie la peinture et la c\u00e9ramique\u2014, Herreros compl\u00e8te sa formation au Cercle Artistique de Sant Lluc et \u00e0 l\u2019Acad\u00e9mie T\u00e0rrega. En 1967, il int\u00e8gre la premi\u00e8re promotion de l\u2019\u00e9cole de design EINA, fond\u00e9e par des figures telles qu\u2019Alexander Cirici Pellicer et Albert R\u00e0fols-Casamada, et cette m\u00eame ann\u00e9e, il fonde, avec Alexandre Tornabell, Jos\u00e9 Luis Jubany et Jordi Morera, le collectif Equip A, actif jusqu\u2019au d\u00e9but des ann\u00e9es soixante-dix. \r\n\r\nBien qu\u2019il n\u2019ait jamais cess\u00e9 de dessiner ni de photographier, il ne revient pleinement \u00e0 la peinture qu\u2019en 1980. En octobre 1982, il pr\u00e9sente sa premi\u00e8re exposition personnelle \u00e0 la Galerie Ciento de Barcelone, un moment charni\u00e8re qui consolide son langage pictural propre. \r\n\r\nSon \u0153uvre, d\u2019abord marqu\u00e9e par un symbolisme abstrait tr\u00e8s personnel et reconnaissable, \u00e9volue lentement mais s\u00fbrement vers une figuration \u00e9pur\u00e9e. En 1996, il surprend la critique et le public avec une quadruple exposition \u00e0 Barcelone \u2014Galeries Senda, Ren\u00e9 Metras, Gaspar et Boza Editor\u2014 o\u00f9 il pr\u00e9sente ses premi\u00e8res peintures figuratives : un nouveau chemin qui unit sa mani\u00e8re classique de peindre \u2014transparences, nuances chromatiques subtiles\u2014 \u00e0 une repr\u00e9sentation non naturaliste de corps f\u00e9minins, montagnes et arbres. \r\n\r\nDepuis lors, Herreros a approfondi un univers o\u00f9 la figure, l\u2019architecture et la forme organique cohabitent avec une aust\u00e9rit\u00e9 expressive propice au silence et \u00e0 la contemplation. La tension entre geste et structure, entre transparence et lumi\u00e8re, entre pr\u00e9sence et distance, conf\u00e8re \u00e0 sa peinture un caract\u00e8re m\u00e9taphysique et intemporel. \r\n\r\nSes \u0153uvres figurent dans plusieurs mus\u00e9es et collections priv\u00e9es, et sa trajectoire, poursuivie au fil des d\u00e9cennies, t\u00e9moigne d\u2019une remarquable coh\u00e9rence formelle et conceptuelle. Depuis son atelier de Barcelone, il poursuit une qu\u00eate qui, plus qu\u2019esth\u00e9tique, est une mani\u00e8re d\u2019habiter le temps : regarder, distiller, peindre. \r\n\r\n<a href=\"https:\/\/ramonherreros.blogspot.com\/\">Blog personnel de Ramon Herreros<\/a>[\/vc_column_text][\/vc_column][\/vc_row][vc_row][vc_column][vc_masonry_media_grid css=\u00a0\u00bb\u00a0\u00bb grid_id=\u00a0\u00bbvc_gid:1762774982214-87b3bdb2-3bb1-7&Prime; include=\u00a0\u00bb1053,1049,1045&Prime;][\/vc_column][\/vc_row]<\/div>","protected":false},"excerpt":{"rendered":"Ramon Herreros est un peintre barcelonais qui explore la fronti\u00e8re entre abstraction et figuration, construisant un langage personnel o\u00f9 la lumi\u00e8re, la forme et le silence deviennent mati\u00e8re po\u00e9tique. Son \u0153uvre m\u00e9dite sur la pr\u00e9sence, le temps et la contemplation, invitant \u00e0 reconna\u00eetre le sacr\u00e9 dans le calme du geste pictural. ","protected":false},"featured_media":1075,"parent":0,"menu_order":0,"comment_status":"closed","ping_status":"closed","template":"","tags":[],"class_list":["post-1088","portfolio","type-portfolio","status-publish","has-post-thumbnail","hentry"],"acf":[],"_links":{"self":[{"href":"https:\/\/elprincipaldecorsega.com\/fr\/wp-json\/wp\/v2\/portfolio\/1088","targetHints":{"allow":["GET"]}}],"collection":[{"href":"https:\/\/elprincipaldecorsega.com\/fr\/wp-json\/wp\/v2\/portfolio"}],"about":[{"href":"https:\/\/elprincipaldecorsega.com\/fr\/wp-json\/wp\/v2\/types\/portfolio"}],"replies":[{"embeddable":true,"href":"https:\/\/elprincipaldecorsega.com\/fr\/wp-json\/wp\/v2\/comments?post=1088"}],"version-history":[{"count":2,"href":"https:\/\/elprincipaldecorsega.com\/fr\/wp-json\/wp\/v2\/portfolio\/1088\/revisions"}],"predecessor-version":[{"id":1090,"href":"https:\/\/elprincipaldecorsega.com\/fr\/wp-json\/wp\/v2\/portfolio\/1088\/revisions\/1090"}],"wp:featuredmedia":[{"embeddable":true,"href":"https:\/\/elprincipaldecorsega.com\/fr\/wp-json\/wp\/v2\/media\/1075"}],"wp:attachment":[{"href":"https:\/\/elprincipaldecorsega.com\/fr\/wp-json\/wp\/v2\/media?parent=1088"}],"wp:term":[{"taxonomy":"post_tag","embeddable":true,"href":"https:\/\/elprincipaldecorsega.com\/fr\/wp-json\/wp\/v2\/tags?post=1088"}],"curies":[{"name":"wp","href":"https:\/\/api.w.org\/{rel}","templated":true}]}}

<div class="wpb-content-wrapper">[vc_row][vc_column][vc_column_text css= » » el_class= »artist-header »]
<h2>Artistes</h2>
[/vc_column_text][/vc_column][/vc_row][vc_row css= ».vc_custom_1724521804683{margin-bottom: 32px !important;} »][vc_column width= »1/3&Prime;][vc_btn title= » » shape= »round » i_icon_fontawesome= »fas fa-times » css= » » add_icon= »true » link= »url:https%3A%2F%2FTO_REPLACE%2Fartistes%2F|title:Artistes| » el_class= »go-back-mobile »][vc_single_image image= »1073&Prime; img_size= »600&#215;600&Prime; css= » »][/vc_column][vc_column width= »2/3&Prime; el_class= »artist-description »][vc_btn title= » » shape= »round » i_icon_fontawesome= »fas fa-times » css= » » add_icon= »true » link= »url:https%3A%2F%2FTO_REPLACE%2Fartistes%2F|title:Artistes| » el_class= »go-back »][vc_column_text css= » » el_class= »artist »]
<h1>Ramon Herreros</h1>
[/vc_column_text][vc_column_text css= » »]Formé à l’École Massana entre 1962 et 1967 —où il étudie la peinture et la céramique—, Herreros complète sa formation au Cercle Artistique de Sant Lluc et à l’Académie Tàrrega. En 1967, il intègre la première promotion de l’école de design EINA, fondée par des figures telles qu’Alexander Cirici Pellicer et Albert Ràfols-Casamada, et cette même année, il fonde, avec Alexandre Tornabell, José Luis Jubany et Jordi Morera, le collectif Equip A, actif jusqu’au début des années soixante-dix. 

Bien qu’il n’ait jamais cessé de dessiner ni de photographier, il ne revient pleinement à la peinture qu’en 1980. En octobre 1982, il présente sa première exposition personnelle à la Galerie Ciento de Barcelone, un moment charnière qui consolide son langage pictural propre. 

Son œuvre, d’abord marquée par un symbolisme abstrait très personnel et reconnaissable, évolue lentement mais sûrement vers une figuration épurée. En 1996, il surprend la critique et le public avec une quadruple exposition à Barcelone —Galeries Senda, René Metras, Gaspar et Boza Editor— où il présente ses premières peintures figuratives : un nouveau chemin qui unit sa manière classique de peindre —transparences, nuances chromatiques subtiles— à une représentation non naturaliste de corps féminins, montagnes et arbres. 

Depuis lors, Herreros a approfondi un univers où la figure, l’architecture et la forme organique cohabitent avec une austérité expressive propice au silence et à la contemplation. La tension entre geste et structure, entre transparence et lumière, entre présence et distance, confère à sa peinture un caractère métaphysique et intemporel. 

Ses œuvres figurent dans plusieurs musées et collections privées, et sa trajectoire, poursuivie au fil des décennies, témoigne d’une remarquable cohérence formelle et conceptuelle. Depuis son atelier de Barcelone, il poursuit une quête qui, plus qu’esthétique, est une manière d’habiter le temps : regarder, distiller, peindre. 

<a href="https://ramonherreros.blogspot.com/">Blog personnel de Ramon Herreros</a>[/vc_column_text][/vc_column][/vc_row][vc_row][vc_column][vc_masonry_media_grid css= » » grid_id= »vc_gid:1762774982214-87b3bdb2-3bb1-7&Prime; include= »1053,1049,1045&Prime;][/vc_column][/vc_row]</div>

Ramon Herreros est un peintre barcelonais qui explore la frontière entre abstraction et figuration, construisant un langage personnel où la lumière, la forme et le silence deviennent matière poétique. Son œuvre médite sur la présence, le temps et la contemplation, invitant à reconnaître le sacré dans le calme du geste pictural.
