
{"id":939,"date":"2024-08-26T19:02:01","date_gmt":"2024-08-26T19:02:01","guid":{"rendered":"https:\/\/elprincipaldecorsega.com\/\/lespace\/"},"modified":"2025-05-14T13:18:34","modified_gmt":"2025-05-14T13:18:34","slug":"lespace","status":"publish","type":"page","link":"https:\/\/elprincipaldecorsega.com\/fr\/lespace\/","title":{"rendered":"L&rsquo;espace"},"content":{"rendered":"<div class=\"wpb-content-wrapper\">[vc_row thb_row_padding=\u00a0\u00bbtrue\u00a0\u00bb][vc_column][vc_column_text css=\u00a0\u00bb\u00a0\u00bb]\r\n<h1>L&rsquo;espace<\/h1>\r\n[\/vc_column_text][\/vc_column][\/vc_row][vc_row content_placement=\u00a0\u00bbmiddle\u00a0\u00bb css=\u00a0\u00bb.vc_custom_1725892187331{margin-top: 32px !important;}\u00a0\u00bb el_class=\u00a0\u00bbz-section\u00a0\u00bb][vc_column width=\u00a0\u00bb1\/2&Prime;][vc_column_text css=\u00a0\u00bb\u00a0\u00bb]\r\n<h2>Un refuge au c\u0153ur de l&rsquo;Eixample<\/h2>\r\n[\/vc_column_text][vc_column_text css=\u00a0\u00bb\u00a0\u00bb]El Principal de C\u00f2rsega est un espace privil\u00e9gi\u00e9, situ\u00e9 dans un appartement moderniste baign\u00e9 par la lumi\u00e8re naturelle qui inonde ses pi\u00e8ces. Ce lieu, d\u2019une localisation discr\u00e8te et accessible uniquement sur invitation, offre un oasis de calme et de cr\u00e9ativit\u00e9 au milieu du tumulte barcelonais.[\/vc_column_text][\/vc_column][vc_column width=\u00a0\u00bb1\/2&Prime;]\t<div id=\"thb-image-69ef7bb466d43\" class=\"caption-style1  alignleft   thb_image_link wp-caption \">\n\t  \t\t\t<div class=\"thb-image-inner size_100\">\n\t\t\t\t<img decoding=\"async\" class=\"thb_image   \" src=\"https:\/\/elprincipaldecorsega.com\/wp-content\/uploads\/2024\/09\/espai2-cmpr-scaled-600x600.jpg\" width=\"600\" height=\"600\" alt=\"espai2-cmpr\" title=\"espai2-cmpr\" loading=\"lazy\" \/>\t\t\t\t\t\t\t<\/div>\n\t\t\t\t\t\t\t\t\t<\/div>\n\t[\/vc_column][\/vc_row][vc_row content_placement=\u00a0\u00bbmiddle\u00a0\u00bb css=\u00a0\u00bb.vc_custom_1725892196001{margin-top: 32px !important;}\u00a0\u00bb el_class=\u00a0\u00bbz-section\u00a0\u00bb][vc_column width=\u00a0\u00bb1\/2&Prime;]\t<div id=\"thb-image-69ef7bb4672b4\" class=\"caption-style1  alignleft   thb_image_link wp-caption \">\n\t  \t\t\t<div class=\"thb-image-inner size_100\">\n\t\t\t\t<img decoding=\"async\" class=\"thb_image   \" src=\"https:\/\/elprincipaldecorsega.com\/wp-content\/uploads\/2024\/09\/espai3-cmpr-scaled-600x600.jpg\" width=\"600\" height=\"600\" alt=\"espai3-cmpr\" title=\"espai3-cmpr\" loading=\"lazy\" \/>\t\t\t\t\t\t\t<\/div>\n\t\t\t\t\t\t\t\t\t<\/div>\n\t[\/vc_column][vc_column width=\u00a0\u00bb1\/2&Prime;][vc_column_text css=\u00a0\u00bb\u00a0\u00bb]\r\n<h2>Un espace polyvalent o\u00f9 l&rsquo;art et la vie se rencontrent<\/h2>\r\n[\/vc_column_text][vc_column_text css=\u00a0\u00bb\u00a0\u00bb]Con\u00e7u pour accueillir \u00e0 la fois des artistes \u00e9tablis, des collectionneurs et des amoureux de l&rsquo;art, El Principal de C\u00f2rsega est un lieu o\u00f9 l&rsquo;activit\u00e9 artistique se m\u00eale au quotidien. Des conf\u00e9rences et des pr\u00e9sentations aux visites guid\u00e9es et rencontres intimes, cet espace favorise le dialogue et la connexion personnelle avec l&rsquo;art et ses cr\u00e9ateurs.[\/vc_column_text][\/vc_column][\/vc_row][vc_row content_placement=\u00a0\u00bbmiddle\u00a0\u00bb css=\u00a0\u00bb.vc_custom_1725892205731{margin-top: 32px !important;}\u00a0\u00bb el_class=\u00a0\u00bbz-section\u00a0\u00bb][vc_column width=\u00a0\u00bb1\/2&Prime;][vc_column_text css=\u00a0\u00bb\u00a0\u00bb]\r\n<h2>Exclusivit\u00e9 et intimit\u00e9 pour des \u00e9v\u00e9nements uniques<\/h2>\r\n[\/vc_column_text][vc_column_text css=\u00a0\u00bb\u00a0\u00bb]En plus d\u2019\u00eatre un point de rencontre artistique, El Principal de C\u00f2rsega est \u00e9galement disponible pour des \u00e9v\u00e9nements priv\u00e9s.[\/vc_column_text][\/vc_column][vc_column width=\u00a0\u00bb1\/2&Prime;]\t<div id=\"thb-image-69ef7bb4677d5\" class=\"caption-style1  alignleft   thb_image_link wp-caption \">\n\t  \t\t\t<div class=\"thb-image-inner size_100\">\n\t\t\t\t<img decoding=\"async\" class=\"thb_image   \" src=\"https:\/\/elprincipaldecorsega.com\/wp-content\/uploads\/2024\/09\/espai-cmpr-scaled-600x600.jpg\" width=\"600\" height=\"600\" alt=\"espai-cmpr\" title=\"espai-cmpr\" loading=\"lazy\" \/>\t\t\t\t\t\t\t<\/div>\n\t\t\t\t\t\t\t\t\t<\/div>\n\t[\/vc_column][\/vc_row][vc_row content_placement=\u00a0\u00bbmiddle\u00a0\u00bb css=\u00a0\u00bb.vc_custom_1725892213617{margin-top: 32px !important;}\u00a0\u00bb el_class=\u00a0\u00bbz-section\u00a0\u00bb][vc_column width=\u00a0\u00bb1\/2&Prime;]\t<div id=\"thb-image-69ef7bb467d21\" class=\"caption-style1  alignleft   thb_image_link wp-caption \">\n\t  \t\t\t<div class=\"thb-image-inner size_100\">\n\t\t\t\t<img decoding=\"async\" class=\"thb_image   \" src=\"https:\/\/elprincipaldecorsega.com\/wp-content\/uploads\/2024\/09\/espai1-cmpr-scaled-600x600.jpg\" width=\"600\" height=\"600\" alt=\"espai1-cmpr\" title=\"espai1-cmpr\" loading=\"lazy\" \/>\t\t\t\t\t\t\t<\/div>\n\t\t\t\t\t\t\t\t\t<\/div>\n\t[\/vc_column][vc_column width=\u00a0\u00bb1\/2&Prime;][vc_column_text css=\u00a0\u00bb\u00a0\u00bb]\r\n<h2>Un cercle d\u2019amis qui va au-del\u00e0 des murs<\/h2>\r\n[\/vc_column_text][vc_column_text css=\u00a0\u00bb\u00a0\u00bb]Bien que le c\u0153ur de l\u2019activit\u00e9 soit situ\u00e9 \u00e0 El Principal, notre mission va au-del\u00e0 de ses murs. Les activit\u00e9s organis\u00e9es par cet espace se d\u00e9roulent \u00e9galement \u00e0 l\u2019ext\u00e9rieur, cr\u00e9ant ainsi un r\u00e9seau d&rsquo;\u00e9change culturel et artistique qui connecte des personnes partageant une passion commune pour l&rsquo;art.[\/vc_column_text][\/vc_column][\/vc_row]<\/div>","protected":false},"excerpt":{"rendered":"[vc_row thb_row_padding=\u00a0\u00bbtrue\u00a0\u00bb][vc_column][vc_column_text css=\u00a0\u00bb\u00a0\u00bb] L&rsquo;espace [\/vc_column_text][\/vc_column][\/vc_row][vc_row content_placement=\u00a0\u00bbmiddle\u00a0\u00bb css=\u00a0\u00bb.vc_custom_1725892187331{margin-top: 32px !important;}\u00a0\u00bb el_class=\u00a0\u00bbz-section\u00a0\u00bb][vc_column width=\u00a0\u00bb1\/2&Prime;][vc_column_text css=\u00a0\u00bb\u00a0\u00bb] Un refuge au c\u0153ur de l&rsquo;Eixample [\/vc_column_text][vc_column_text css=\u00a0\u00bb\u00a0\u00bb]El Principal de C\u00f2rsega est un espace privil\u00e9gi\u00e9, situ\u00e9 dans un appartement moderniste baign\u00e9 par la lumi\u00e8re naturelle qui inonde ses pi\u00e8ces. Ce lieu, d\u2019une localisation discr\u00e8te et accessible uniquement sur invitation, offre un oasis de&hellip;","protected":false},"author":1,"featured_media":0,"parent":0,"menu_order":0,"comment_status":"closed","ping_status":"closed","template":"","meta":{"_acf_changed":false,"_monsterinsights_skip_tracking":false,"_monsterinsights_sitenote_active":false,"_monsterinsights_sitenote_note":"","_monsterinsights_sitenote_category":0,"footnotes":""},"class_list":["post-939","page","type-page","status-publish","hentry"],"acf":[],"_links":{"self":[{"href":"https:\/\/elprincipaldecorsega.com\/fr\/wp-json\/wp\/v2\/pages\/939","targetHints":{"allow":["GET"]}}],"collection":[{"href":"https:\/\/elprincipaldecorsega.com\/fr\/wp-json\/wp\/v2\/pages"}],"about":[{"href":"https:\/\/elprincipaldecorsega.com\/fr\/wp-json\/wp\/v2\/types\/page"}],"author":[{"embeddable":true,"href":"https:\/\/elprincipaldecorsega.com\/fr\/wp-json\/wp\/v2\/users\/1"}],"replies":[{"embeddable":true,"href":"https:\/\/elprincipaldecorsega.com\/fr\/wp-json\/wp\/v2\/comments?post=939"}],"version-history":[{"count":2,"href":"https:\/\/elprincipaldecorsega.com\/fr\/wp-json\/wp\/v2\/pages\/939\/revisions"}],"predecessor-version":[{"id":945,"href":"https:\/\/elprincipaldecorsega.com\/fr\/wp-json\/wp\/v2\/pages\/939\/revisions\/945"}],"wp:attachment":[{"href":"https:\/\/elprincipaldecorsega.com\/fr\/wp-json\/wp\/v2\/media?parent=939"}],"curies":[{"name":"wp","href":"https:\/\/api.w.org\/{rel}","templated":true}]}}

<div class="wpb-content-wrapper">[vc_row thb_row_padding= »true »][vc_column][vc_column_text css= » »]
<h1>L&rsquo;espace</h1>
[/vc_column_text][/vc_column][/vc_row][vc_row content_placement= »middle » css= ».vc_custom_1725892187331{margin-top: 32px !important;} » el_class= »z-section »][vc_column width= »1/2&Prime;][vc_column_text css= » »]
<h2>Un refuge au cœur de l&rsquo;Eixample</h2>
[/vc_column_text][vc_column_text css= » »]El Principal de Còrsega est un espace privilégié, situé dans un appartement moderniste baigné par la lumière naturelle qui inonde ses pièces. Ce lieu, d’une localisation discrète et accessible uniquement sur invitation, offre un oasis de calme et de créativité au milieu du tumulte barcelonais.[/vc_column_text][/vc_column][vc_column width= »1/2&Prime;]	<div id="thb-image-69ef7bb466d43" class="caption-style1  alignleft   thb_image_link wp-caption ">
	  			<div class="thb-image-inner size_100">
				<img decoding="async" class="thb_image   " src="https://elprincipaldecorsega.com/wp-content/uploads/2024/09/espai2-cmpr-scaled-600x600.jpg" width="600" height="600" alt="espai2-cmpr" title="espai2-cmpr" loading="lazy" />							</div>
									</div>
	[/vc_column][/vc_row][vc_row content_placement= »middle » css= ».vc_custom_1725892196001{margin-top: 32px !important;} » el_class= »z-section »][vc_column width= »1/2&Prime;]	<div id="thb-image-69ef7bb4672b4" class="caption-style1  alignleft   thb_image_link wp-caption ">
	  			<div class="thb-image-inner size_100">
				<img decoding="async" class="thb_image   " src="https://elprincipaldecorsega.com/wp-content/uploads/2024/09/espai3-cmpr-scaled-600x600.jpg" width="600" height="600" alt="espai3-cmpr" title="espai3-cmpr" loading="lazy" />							</div>
									</div>
	[/vc_column][vc_column width= »1/2&Prime;][vc_column_text css= » »]
<h2>Un espace polyvalent où l&rsquo;art et la vie se rencontrent</h2>
[/vc_column_text][vc_column_text css= » »]Conçu pour accueillir à la fois des artistes établis, des collectionneurs et des amoureux de l&rsquo;art, El Principal de Còrsega est un lieu où l&rsquo;activité artistique se mêle au quotidien. Des conférences et des présentations aux visites guidées et rencontres intimes, cet espace favorise le dialogue et la connexion personnelle avec l&rsquo;art et ses créateurs.[/vc_column_text][/vc_column][/vc_row][vc_row content_placement= »middle » css= ».vc_custom_1725892205731{margin-top: 32px !important;} » el_class= »z-section »][vc_column width= »1/2&Prime;][vc_column_text css= » »]
<h2>Exclusivité et intimité pour des événements uniques</h2>
[/vc_column_text][vc_column_text css= » »]En plus d’être un point de rencontre artistique, El Principal de Còrsega est également disponible pour des événements privés.[/vc_column_text][/vc_column][vc_column width= »1/2&Prime;]	<div id="thb-image-69ef7bb4677d5" class="caption-style1  alignleft   thb_image_link wp-caption ">
	  			<div class="thb-image-inner size_100">
				<img decoding="async" class="thb_image   " src="https://elprincipaldecorsega.com/wp-content/uploads/2024/09/espai-cmpr-scaled-600x600.jpg" width="600" height="600" alt="espai-cmpr" title="espai-cmpr" loading="lazy" />							</div>
									</div>
	[/vc_column][/vc_row][vc_row content_placement= »middle » css= ».vc_custom_1725892213617{margin-top: 32px !important;} » el_class= »z-section »][vc_column width= »1/2&Prime;]	<div id="thb-image-69ef7bb467d21" class="caption-style1  alignleft   thb_image_link wp-caption ">
	  			<div class="thb-image-inner size_100">
				<img decoding="async" class="thb_image   " src="https://elprincipaldecorsega.com/wp-content/uploads/2024/09/espai1-cmpr-scaled-600x600.jpg" width="600" height="600" alt="espai1-cmpr" title="espai1-cmpr" loading="lazy" />							</div>
									</div>
	[/vc_column][vc_column width= »1/2&Prime;][vc_column_text css= » »]
<h2>Un cercle d’amis qui va au-delà des murs</h2>
[/vc_column_text][vc_column_text css= » »]Bien que le cœur de l’activité soit situé à El Principal, notre mission va au-delà de ses murs. Les activités organisées par cet espace se déroulent également à l’extérieur, créant ainsi un réseau d&rsquo;échange culturel et artistique qui connecte des personnes partageant une passion commune pour l&rsquo;art.[/vc_column_text][/vc_column][/vc_row]</div>

[vc_row thb_row_padding= »true »][vc_column][vc_column_text css= » »] L&rsquo;espace [/vc_column_text][/vc_column][/vc_row][vc_row content_placement= »middle » css= ».vc_custom_1725892187331{margin-top: 32px !important;} » el_class= »z-section »][vc_column width= »1/2&Prime;][vc_column_text css= » »] Un refuge au cœur de l&rsquo;Eixample [/vc_column_text][vc_column_text css= » »]El Principal de Còrsega est un espace privilégié, situé dans un appartement moderniste baigné par la lumière naturelle qui inonde ses pièces. Ce lieu, d’une localisation discrète et accessible uniquement sur invitation, offre un oasis de&hellip;
