
{"id":1012,"date":"2025-06-03T13:21:53","date_gmt":"2025-06-03T13:21:53","guid":{"rendered":"https:\/\/elprincipaldecorsega.com\/\/exposicions\/claudia-terstappen-sacred\/"},"modified":"2025-11-10T12:29:48","modified_gmt":"2025-11-10T12:29:48","slug":"claudia-terstappen-sacred","status":"publish","type":"exposicions","link":"https:\/\/elprincipaldecorsega.com\/fr\/exposicions\/claudia-terstappen-sacred\/","title":{"rendered":"\u00ab CLAUDIA TERSTAPPEN : SACRED \u00bb."},"content":{"rendered":"<div class=\"wpb-content-wrapper\">[vc_row css=\u00a0\u00bb.vc_custom_1725805389868{margin-bottom: 32px !important;}\u00a0\u00bb][vc_column][vc_column_text css=\u00a0\u00bb\u00a0\u00bb]\r\n<h6>Du 30 mai 2025 au 30 septembre 2025<\/h6>\r\n<h5>\u00ab Digne de v\u00e9n\u00e9ration en raison de son caract\u00e8re divin ou de sa relation avec la divinit\u00e9 \u00bb<br data-start=\"169\" data-end=\"172\" \/>\u00ab Qui est objet de culte en raison de sa relation avec des forces surnaturelles \u00bb<br data-start=\"244\" data-end=\"247\" \/><em data-start=\"249\" data-end=\"305\">D\u00e9finition de Sacr\u00e9 (du latin \u00ab\u00a0sacratus\u00a0\u00bb) selon la RAE<\/em><\/h5>\r\n<p class=\"\" data-start=\"307\" data-end=\"495\">L\u2019exposition <em data-start=\"319\" data-end=\"347\">Claudia Terstappen : Sacred<\/em> propose une r\u00e9flexion sur le concept du sacr\u00e9, dans une perspective contemporaine en g\u00e9n\u00e9ral et \u00e0 travers la vision personnelle de Terstappen en particulier.<\/p>\r\n<p class=\"\" data-start=\"497\" data-end=\"1026\">Claudia Terstappen, n\u00e9e \u00e0 Arnsberg (Allemagne) en 1959 et r\u00e9sidant depuis de nombreuses ann\u00e9es entre Barcelone et Melbourne, a voyag\u00e9 tout au long de sa vie \u00e0 travers le monde (Br\u00e9sil, Colombie, Mexique, Japon, Chine, Indon\u00e9sie, Islande, Canada, \u00c9tats-Unis et Espagne) pour explorer, avec un regard tr\u00e8s personnel m\u00ealant art et anthropologie, les empreintes des croyances anciennes et modernes dans les mondes naturel et culturel. En d\u2019autres termes, la permanence des mythes, des rites et des superstitions dans les soci\u00e9t\u00e9s contemporaines.<\/p>\r\n<p class=\"\" data-start=\"1028\" data-end=\"1524\"><em data-start=\"1028\" data-end=\"1036\">Sacred <\/em>aborde le sacr\u00e9 d\u2019abord comme un ph\u00e9nom\u00e8ne religieux, rituel et mythologique \u2014 comme en t\u00e9moignent ses Autels \u2014 mais pas uniquement. L\u2019\u0153uvre de Claudia Terstappen traite aussi de la sacralisation de tout ce qui concerne l\u2019\u00e9cologie et la nature dans ses s\u00e9ries sur les Paysages, incluant \u00e9galement le monde animal, sacralis\u00e9 voire momifi\u00e9, en lien direct avec l\u2019in\u00e9vitable destruction progressive de la nature (comme on le voit dans sa s\u00e9rie sur les Incendies).<\/p>\r\n<p class=\"\" data-start=\"1526\" data-end=\"1904\">La relation entre la vie et la mort est donc sous-jacente \u00e0 cette exposition, qui combine langages photographiques et tridimensionnels, o\u00f9 l\u2019artiste fait un usage original de la c\u00e9ramique. Comme dans ses photographies, les c\u00e9ramiques de Terstappen repr\u00e9sentent des fragments de nature dignes de respect, voire de v\u00e9n\u00e9ration.<\/p>\r\n<p class=\"\" data-start=\"1906\" data-end=\"2167\">Dans <em data-start=\"1908\" data-end=\"1916\">Sacred<\/em>, on retrouve des \u0153uvres de ses s\u00e9ries \u201cSacred Places\u201d, \u201cAltars\u201d, \u201cCruz del Romero\u201d, \u201cLandscapes\u201d et \u201cFires\u201d, ainsi que d\u2019autres cr\u00e9ations sp\u00e9cialement r\u00e9alis\u00e9es pour les salles de El Principal de C\u00f2rsega. Nous lui adressons notre plus sinc\u00e8re reconnaissance.<\/p>\r\n<p data-start=\"1906\" data-end=\"2167\">Nous remercions sinc\u00e8rement Palmadotze, la galerie Boutwell Schabrowsky et la galerie Dominik Mersch.<\/p>\r\n[\/vc_column_text][vc_btn title=\u00a0\u00bbCatalogue d&rsquo;exposition\u00a0\u00bb style=\u00a0\u00bbgradient-custom\u00a0\u00bb gradient_custom_color_1=\u00a0\u00bb#ffffff\u00a0\u00bb gradient_custom_color_2=\u00a0\u00bb#ffffff\u00a0\u00bb gradient_text_color=\u00a0\u00bb#c2721c\u00a0\u00bb align=\u00a0\u00bbright\u00a0\u00bb i_icon_fontawesome=\u00a0\u00bbfar fa-sticky-note\u00a0\u00bb css=\u00a0\u00bb\u00a0\u00bb add_icon=\u00a0\u00bbtrue\u00a0\u00bb link=\u00a0\u00bburl:https%3A%2F%2FTO_REPLACE%2Fwp-content%2Fuploads%2F2025%2F06%2FCLAUDIA-TERSTAPPEN_CAST_2025.pdf|target:_blank|\u00a0\u00bb el_class=\u00a0\u00bbcustom-post-button\u00a0\u00bb][\/vc_column][\/vc_row][vc_row][vc_column][vc_masonry_media_grid gap=\u00a0\u00bb20&Prime; css=\u00a0\u00bb\u00a0\u00bb grid_id=\u00a0\u00bbvc_gid:1748956933412-c4ec7106-de3e-5&Prime; include=\u00a0\u00bb985,977,969,965,830,826,822,818,814,810&Prime;][\/vc_column][\/vc_row]<\/div>","protected":false},"excerpt":{"rendered":"\u00ab Digne de v\u00e9n\u00e9ration en raison de son caract\u00e8re divin ou de sa relation avec la divinit\u00e9 \u00bb<br>\u00ab Qui est objet de culte en raison de sa relation avec des forces surnaturelles \u00bb<br>D\u00e9finition de Sacr\u00e9 (du latin \u00ab\u00a0sacratus\u00a0\u00bb) selon la RAE<br><br><br>L\u2019exposition Claudia Terstappen : Sacred propose une r\u00e9flexion sur le concept du sacr\u00e9, dans une perspective contemporaine en g\u00e9n\u00e9ral et \u00e0 travers la vision personnelle de Terstappen en particulier.","protected":false},"featured_media":975,"parent":0,"template":"","meta":{"_acf_changed":false,"_monsterinsights_skip_tracking":false,"_monsterinsights_sitenote_active":false,"_monsterinsights_sitenote_note":"","_monsterinsights_sitenote_category":0},"categoria-expos":[26],"class_list":["post-1012","exposicions","type-exposicions","status-publish","has-post-thumbnail","hentry","categoria-expos-exposicions"],"acf":[],"_links":{"self":[{"href":"https:\/\/elprincipaldecorsega.com\/fr\/wp-json\/wp\/v2\/exposicions\/1012","targetHints":{"allow":["GET"]}}],"collection":[{"href":"https:\/\/elprincipaldecorsega.com\/fr\/wp-json\/wp\/v2\/exposicions"}],"about":[{"href":"https:\/\/elprincipaldecorsega.com\/fr\/wp-json\/wp\/v2\/types\/exposicions"}],"wp:featuredmedia":[{"embeddable":true,"href":"https:\/\/elprincipaldecorsega.com\/fr\/wp-json\/wp\/v2\/media\/975"}],"wp:attachment":[{"href":"https:\/\/elprincipaldecorsega.com\/fr\/wp-json\/wp\/v2\/media?parent=1012"}],"wp:term":[{"taxonomy":"categoria-expos","embeddable":true,"href":"https:\/\/elprincipaldecorsega.com\/fr\/wp-json\/wp\/v2\/categoria-expos?post=1012"}],"curies":[{"name":"wp","href":"https:\/\/api.w.org\/{rel}","templated":true}]}}

<div class="wpb-content-wrapper">[vc_row css= ».vc_custom_1725805389868{margin-bottom: 32px !important;} »][vc_column][vc_column_text css= » »]
<h6>Du 30 mai 2025 au 30 septembre 2025</h6>
<h5>« Digne de vénération en raison de son caractère divin ou de sa relation avec la divinité »<br data-start="169" data-end="172" />« Qui est objet de culte en raison de sa relation avec des forces surnaturelles »<br data-start="244" data-end="247" /><em data-start="249" data-end="305">Définition de Sacré (du latin « sacratus ») selon la RAE</em></h5>
<p class="" data-start="307" data-end="495">L’exposition <em data-start="319" data-end="347">Claudia Terstappen : Sacred</em> propose une réflexion sur le concept du sacré, dans une perspective contemporaine en général et à travers la vision personnelle de Terstappen en particulier.</p>
<p class="" data-start="497" data-end="1026">Claudia Terstappen, née à Arnsberg (Allemagne) en 1959 et résidant depuis de nombreuses années entre Barcelone et Melbourne, a voyagé tout au long de sa vie à travers le monde (Brésil, Colombie, Mexique, Japon, Chine, Indonésie, Islande, Canada, États-Unis et Espagne) pour explorer, avec un regard très personnel mêlant art et anthropologie, les empreintes des croyances anciennes et modernes dans les mondes naturel et culturel. En d’autres termes, la permanence des mythes, des rites et des superstitions dans les sociétés contemporaines.</p>
<p class="" data-start="1028" data-end="1524"><em data-start="1028" data-end="1036">Sacred </em>aborde le sacré d’abord comme un phénomène religieux, rituel et mythologique — comme en témoignent ses Autels — mais pas uniquement. L’œuvre de Claudia Terstappen traite aussi de la sacralisation de tout ce qui concerne l’écologie et la nature dans ses séries sur les Paysages, incluant également le monde animal, sacralisé voire momifié, en lien direct avec l’inévitable destruction progressive de la nature (comme on le voit dans sa série sur les Incendies).</p>
<p class="" data-start="1526" data-end="1904">La relation entre la vie et la mort est donc sous-jacente à cette exposition, qui combine langages photographiques et tridimensionnels, où l’artiste fait un usage original de la céramique. Comme dans ses photographies, les céramiques de Terstappen représentent des fragments de nature dignes de respect, voire de vénération.</p>
<p class="" data-start="1906" data-end="2167">Dans <em data-start="1908" data-end="1916">Sacred</em>, on retrouve des œuvres de ses séries “Sacred Places”, “Altars”, “Cruz del Romero”, “Landscapes” et “Fires”, ainsi que d’autres créations spécialement réalisées pour les salles de El Principal de Còrsega. Nous lui adressons notre plus sincère reconnaissance.</p>
<p data-start="1906" data-end="2167">Nous remercions sincèrement Palmadotze, la galerie Boutwell Schabrowsky et la galerie Dominik Mersch.</p>
[/vc_column_text][vc_btn title= »Catalogue d&rsquo;exposition » style= »gradient-custom » gradient_custom_color_1= »#ffffff » gradient_custom_color_2= »#ffffff » gradient_text_color= »#c2721c » align= »right » i_icon_fontawesome= »far fa-sticky-note » css= » » add_icon= »true » link= »url:https%3A%2F%2FTO_REPLACE%2Fwp-content%2Fuploads%2F2025%2F06%2FCLAUDIA-TERSTAPPEN_CAST_2025.pdf|target:_blank| » el_class= »custom-post-button »][/vc_column][/vc_row][vc_row][vc_column][vc_masonry_media_grid gap= »20&Prime; css= » » grid_id= »vc_gid:1748956933412-c4ec7106-de3e-5&Prime; include= »985,977,969,965,830,826,822,818,814,810&Prime;][/vc_column][/vc_row]</div>

« Digne de vénération en raison de son caractère divin ou de sa relation avec la divinité »<br>« Qui est objet de culte en raison de sa relation avec des forces surnaturelles »<br>Définition de Sacré (du latin « sacratus ») selon la RAE<br><br><br>L’exposition Claudia Terstappen : Sacred propose une réflexion sur le concept du sacré, dans une perspective contemporaine en général et à travers la vision personnelle de Terstappen en particulier.
