
{"id":345,"date":"2024-08-26T19:02:01","date_gmt":"2024-08-26T19:02:01","guid":{"rendered":"https:\/\/elprincipaldecorsega.com\/\/el-espacio\/"},"modified":"2025-01-11T22:49:22","modified_gmt":"2025-01-11T22:49:22","slug":"lespai","status":"publish","type":"page","link":"https:\/\/elprincipaldecorsega.com\/es\/el-espacio\/","title":{"rendered":"El espacio"},"content":{"rendered":"<div class=\"wpb-content-wrapper\">[vc_row thb_row_padding=\u00bbtrue\u00bb][vc_column][vc_column_text css=\u00bb\u00bb]\r\n<h1>El espacio<\/h1>\r\n[\/vc_column_text][\/vc_column][\/vc_row][vc_row content_placement=\u00bbmiddle\u00bb css=\u00bb.vc_custom_1725892187331{margin-top: 32px !important;}\u00bb el_class=\u00bbz-section\u00bb][vc_column width=\u00bb1\/2&#8243;][vc_column_text css=\u00bb\u00bb]\r\n<h2>Un refugio en el coraz\u00f3n del Eixample<\/h2>\r\n[\/vc_column_text][vc_column_text css=\u00bb\u00bb]El Principal de C\u00f2rsega es un espacio privilegiado, ubicado en un piso modernista ba\u00f1ado por la luz natural que inunda sus estancias. Este lugar, de localizaci\u00f3n reservada y accesible s\u00f3lo mediante invitaci\u00f3n, ofrece un oasis de calma y creatividad en medio del bullicio barcelon\u00e9s.[\/vc_column_text][\/vc_column][vc_column width=\u00bb1\/2&#8243;]\t<div id=\"thb-image-69ef7b5da5d22\" class=\"caption-style1  alignleft   thb_image_link wp-caption \">\n\t  \t\t\t<div class=\"thb-image-inner size_100\">\n\t\t\t\t<img decoding=\"async\" class=\"thb_image   \" src=\"https:\/\/elprincipaldecorsega.com\/wp-content\/uploads\/2024\/09\/espai2-cmpr-scaled-600x600.jpg\" width=\"600\" height=\"600\" alt=\"espai2-cmpr\" title=\"espai2-cmpr\" loading=\"lazy\" \/>\t\t\t\t\t\t\t<\/div>\n\t\t\t\t\t\t\t\t\t<\/div>\n\t[\/vc_column][\/vc_row][vc_row content_placement=\u00bbmiddle\u00bb css=\u00bb.vc_custom_1725892196001{margin-top: 32px !important;}\u00bb el_class=\u00bbz-section\u00bb][vc_column width=\u00bb1\/2&#8243;]\t<div id=\"thb-image-69ef7b5da61ee\" class=\"caption-style1  alignleft   thb_image_link wp-caption \">\n\t  \t\t\t<div class=\"thb-image-inner size_100\">\n\t\t\t\t<img decoding=\"async\" class=\"thb_image   \" src=\"https:\/\/elprincipaldecorsega.com\/wp-content\/uploads\/2024\/09\/espai3-cmpr-scaled-600x600.jpg\" width=\"600\" height=\"600\" alt=\"espai3-cmpr\" title=\"espai3-cmpr\" loading=\"lazy\" \/>\t\t\t\t\t\t\t<\/div>\n\t\t\t\t\t\t\t\t\t<\/div>\n\t[\/vc_column][vc_column width=\u00bb1\/2&#8243;][vc_column_text css=\u00bb\u00bb]\r\n<h2>Un espacio polifac\u00e9tico donde confluyen Arte y Vida<\/h2>\r\n[\/vc_column_text][vc_column_text css=\u00bb\u00bb]Dise\u00f1ado para acoger tanto a artistas consagrados como a coleccionistas y amantes del Arte, El Principal de C\u00f2rsega es un lugar donde la actividad art\u00edstica se mezcla con el d\u00eda a d\u00eda. Desde charlas y ponencias hasta visitas guiadas y encuentros \u00edntimos, este espacio fomenta el di\u00e1logo y la conexi\u00f3n personal con el Arte y sus creadores.[\/vc_column_text][\/vc_column][\/vc_row][vc_row content_placement=\u00bbmiddle\u00bb css=\u00bb.vc_custom_1725892205731{margin-top: 32px !important;}\u00bb el_class=\u00bbz-section\u00bb][vc_column width=\u00bb1\/2&#8243;][vc_column_text css=\u00bb\u00bb]\r\n<h2>Exclusividad e intimidad para eventos \u00fanicos<\/h2>\r\n[\/vc_column_text][vc_column_text css=\u00bb\u00bb]Adem\u00e1s de ser un punto de encuentro art\u00edstico, El Principal de C\u00f2rsega est\u00e1 disponible para eventos privados.[\/vc_column_text][\/vc_column][vc_column width=\u00bb1\/2&#8243;]\t<div id=\"thb-image-69ef7b5da65f3\" class=\"caption-style1  alignleft   thb_image_link wp-caption \">\n\t  \t\t\t<div class=\"thb-image-inner size_100\">\n\t\t\t\t<img decoding=\"async\" class=\"thb_image   \" src=\"https:\/\/elprincipaldecorsega.com\/wp-content\/uploads\/2024\/09\/espai-cmpr-scaled-600x600.jpg\" width=\"600\" height=\"600\" alt=\"espai-cmpr\" title=\"espai-cmpr\" loading=\"lazy\" \/>\t\t\t\t\t\t\t<\/div>\n\t\t\t\t\t\t\t\t\t<\/div>\n\t[\/vc_column][\/vc_row][vc_row content_placement=\u00bbmiddle\u00bb css=\u00bb.vc_custom_1725892213617{margin-top: 32px !important;}\u00bb el_class=\u00bbz-section\u00bb][vc_column width=\u00bb1\/2&#8243;]\t<div id=\"thb-image-69ef7b5da69bf\" class=\"caption-style1  alignleft   thb_image_link wp-caption \">\n\t  \t\t\t<div class=\"thb-image-inner size_100\">\n\t\t\t\t<img decoding=\"async\" class=\"thb_image   \" src=\"https:\/\/elprincipaldecorsega.com\/wp-content\/uploads\/2024\/09\/espai1-cmpr-scaled-600x600.jpg\" width=\"600\" height=\"600\" alt=\"espai1-cmpr\" title=\"espai1-cmpr\" loading=\"lazy\" \/>\t\t\t\t\t\t\t<\/div>\n\t\t\t\t\t\t\t\t\t<\/div>\n\t[\/vc_column][vc_column width=\u00bb1\/2&#8243;][vc_column_text css=\u00bb\u00bb]\r\n<h2>Un C\u00edrculo de amigos que trasciende las paredes<\/h2>\r\n[\/vc_column_text][vc_column_text css=\u00bb\u00bb]Aunque el coraz\u00f3n de la actividad se encuentra en El Principal, nuestra misi\u00f3n va m\u00e1s all\u00e1 de sus paredes. Las actividades organizadas por este espacio tambi\u00e9n se llevan a cabo fuera de \u00e9l, creando de esta manera una red de intercambio cultural y art\u00edstico que conecta a personas con una pasi\u00f3n com\u00fan por el Arte.[\/vc_column_text][\/vc_column][\/vc_row]<\/div>","protected":false},"excerpt":{"rendered":"[vc_row thb_row_padding=\u00bbtrue\u00bb][vc_column][vc_column_text css=\u00bb\u00bb] El espacio [\/vc_column_text][\/vc_column][\/vc_row][vc_row content_placement=\u00bbmiddle\u00bb css=\u00bb.vc_custom_1725892187331{margin-top: 32px !important;}\u00bb el_class=\u00bbz-section\u00bb][vc_column width=\u00bb1\/2&#8243;][vc_column_text css=\u00bb\u00bb] Un refugio en el coraz\u00f3n del Eixample [\/vc_column_text][vc_column_text css=\u00bb\u00bb]El Principal de C\u00f2rsega es un espacio privilegiado, ubicado en un piso modernista ba\u00f1ado por la luz natural que inunda sus estancias. Este lugar, de localizaci\u00f3n reservada y accesible s\u00f3lo mediante invitaci\u00f3n, ofrece un&hellip;","protected":false},"author":1,"featured_media":0,"parent":0,"menu_order":0,"comment_status":"closed","ping_status":"closed","template":"","meta":{"_acf_changed":false,"_monsterinsights_skip_tracking":false,"_monsterinsights_sitenote_active":false,"_monsterinsights_sitenote_note":"","_monsterinsights_sitenote_category":0,"footnotes":""},"class_list":["post-345","page","type-page","status-publish","hentry"],"acf":[],"_links":{"self":[{"href":"https:\/\/elprincipaldecorsega.com\/es\/wp-json\/wp\/v2\/pages\/345","targetHints":{"allow":["GET"]}}],"collection":[{"href":"https:\/\/elprincipaldecorsega.com\/es\/wp-json\/wp\/v2\/pages"}],"about":[{"href":"https:\/\/elprincipaldecorsega.com\/es\/wp-json\/wp\/v2\/types\/page"}],"author":[{"embeddable":true,"href":"https:\/\/elprincipaldecorsega.com\/es\/wp-json\/wp\/v2\/users\/1"}],"replies":[{"embeddable":true,"href":"https:\/\/elprincipaldecorsega.com\/es\/wp-json\/wp\/v2\/comments?post=345"}],"version-history":[{"count":8,"href":"https:\/\/elprincipaldecorsega.com\/es\/wp-json\/wp\/v2\/pages\/345\/revisions"}],"predecessor-version":[{"id":790,"href":"https:\/\/elprincipaldecorsega.com\/es\/wp-json\/wp\/v2\/pages\/345\/revisions\/790"}],"wp:attachment":[{"href":"https:\/\/elprincipaldecorsega.com\/es\/wp-json\/wp\/v2\/media?parent=345"}],"curies":[{"name":"wp","href":"https:\/\/api.w.org\/{rel}","templated":true}]}}

<div class="wpb-content-wrapper">[vc_row thb_row_padding=»true»][vc_column][vc_column_text css=»»]
<h1>El espacio</h1>
[/vc_column_text][/vc_column][/vc_row][vc_row content_placement=»middle» css=».vc_custom_1725892187331{margin-top: 32px !important;}» el_class=»z-section»][vc_column width=»1/2&#8243;][vc_column_text css=»»]
<h2>Un refugio en el corazón del Eixample</h2>
[/vc_column_text][vc_column_text css=»»]El Principal de Còrsega es un espacio privilegiado, ubicado en un piso modernista bañado por la luz natural que inunda sus estancias. Este lugar, de localización reservada y accesible sólo mediante invitación, ofrece un oasis de calma y creatividad en medio del bullicio barcelonés.[/vc_column_text][/vc_column][vc_column width=»1/2&#8243;]	<div id="thb-image-69ef7b5da5d22" class="caption-style1  alignleft   thb_image_link wp-caption ">
	  			<div class="thb-image-inner size_100">
				<img decoding="async" class="thb_image   " src="https://elprincipaldecorsega.com/wp-content/uploads/2024/09/espai2-cmpr-scaled-600x600.jpg" width="600" height="600" alt="espai2-cmpr" title="espai2-cmpr" loading="lazy" />							</div>
									</div>
	[/vc_column][/vc_row][vc_row content_placement=»middle» css=».vc_custom_1725892196001{margin-top: 32px !important;}» el_class=»z-section»][vc_column width=»1/2&#8243;]	<div id="thb-image-69ef7b5da61ee" class="caption-style1  alignleft   thb_image_link wp-caption ">
	  			<div class="thb-image-inner size_100">
				<img decoding="async" class="thb_image   " src="https://elprincipaldecorsega.com/wp-content/uploads/2024/09/espai3-cmpr-scaled-600x600.jpg" width="600" height="600" alt="espai3-cmpr" title="espai3-cmpr" loading="lazy" />							</div>
									</div>
	[/vc_column][vc_column width=»1/2&#8243;][vc_column_text css=»»]
<h2>Un espacio polifacético donde confluyen Arte y Vida</h2>
[/vc_column_text][vc_column_text css=»»]Diseñado para acoger tanto a artistas consagrados como a coleccionistas y amantes del Arte, El Principal de Còrsega es un lugar donde la actividad artística se mezcla con el día a día. Desde charlas y ponencias hasta visitas guiadas y encuentros íntimos, este espacio fomenta el diálogo y la conexión personal con el Arte y sus creadores.[/vc_column_text][/vc_column][/vc_row][vc_row content_placement=»middle» css=».vc_custom_1725892205731{margin-top: 32px !important;}» el_class=»z-section»][vc_column width=»1/2&#8243;][vc_column_text css=»»]
<h2>Exclusividad e intimidad para eventos únicos</h2>
[/vc_column_text][vc_column_text css=»»]Además de ser un punto de encuentro artístico, El Principal de Còrsega está disponible para eventos privados.[/vc_column_text][/vc_column][vc_column width=»1/2&#8243;]	<div id="thb-image-69ef7b5da65f3" class="caption-style1  alignleft   thb_image_link wp-caption ">
	  			<div class="thb-image-inner size_100">
				<img decoding="async" class="thb_image   " src="https://elprincipaldecorsega.com/wp-content/uploads/2024/09/espai-cmpr-scaled-600x600.jpg" width="600" height="600" alt="espai-cmpr" title="espai-cmpr" loading="lazy" />							</div>
									</div>
	[/vc_column][/vc_row][vc_row content_placement=»middle» css=».vc_custom_1725892213617{margin-top: 32px !important;}» el_class=»z-section»][vc_column width=»1/2&#8243;]	<div id="thb-image-69ef7b5da69bf" class="caption-style1  alignleft   thb_image_link wp-caption ">
	  			<div class="thb-image-inner size_100">
				<img decoding="async" class="thb_image   " src="https://elprincipaldecorsega.com/wp-content/uploads/2024/09/espai1-cmpr-scaled-600x600.jpg" width="600" height="600" alt="espai1-cmpr" title="espai1-cmpr" loading="lazy" />							</div>
									</div>
	[/vc_column][vc_column width=»1/2&#8243;][vc_column_text css=»»]
<h2>Un Círculo de amigos que trasciende las paredes</h2>
[/vc_column_text][vc_column_text css=»»]Aunque el corazón de la actividad se encuentra en El Principal, nuestra misión va más allá de sus paredes. Las actividades organizadas por este espacio también se llevan a cabo fuera de él, creando de esta manera una red de intercambio cultural y artístico que conecta a personas con una pasión común por el Arte.[/vc_column_text][/vc_column][/vc_row]</div>

[vc_row thb_row_padding=»true»][vc_column][vc_column_text css=»»] El espacio [/vc_column_text][/vc_column][/vc_row][vc_row content_placement=»middle» css=».vc_custom_1725892187331{margin-top: 32px !important;}» el_class=»z-section»][vc_column width=»1/2&#8243;][vc_column_text css=»»] Un refugio en el corazón del Eixample [/vc_column_text][vc_column_text css=»»]El Principal de Còrsega es un espacio privilegiado, ubicado en un piso modernista bañado por la luz natural que inunda sus estancias. Este lugar, de localización reservada y accesible sólo mediante invitación, ofrece un&hellip;
