
{"id":326,"date":"2024-08-26T18:42:15","date_gmt":"2024-08-26T18:42:15","guid":{"rendered":"https:\/\/elprincipaldecorsega.com\/\/el-circulo\/"},"modified":"2025-01-11T22:41:51","modified_gmt":"2025-01-11T22:41:51","slug":"el-cercle","status":"publish","type":"page","link":"https:\/\/elprincipaldecorsega.com\/es\/el-circulo\/","title":{"rendered":"El C\u00edrculo"},"content":{"rendered":"<div class=\"wpb-content-wrapper\">[vc_row thb_row_padding=\u00bbtrue\u00bb][vc_column][vc_column_text css=\u00bb\u00bb]\r\n<h1>El C\u00edrculo<\/h1>\r\n[\/vc_column_text][\/vc_column][\/vc_row][vc_row content_placement=\u00bbmiddle\u00bb el_class=\u00bbz-section\u00bb][vc_column][vc_column_text css=\u00bb\u00bb]El C\u00edrculo es un espacio de encuentro dentro de El Principal de C\u00f2rsega que nace con la voluntad de fomentar la conexi\u00f3n entre personas que comparten el inter\u00e9s por el Arte. En este entorno \u00edntimo, organizamos actividades exclusivas que van desde visitas guiadas y charlas hasta cenas y eventos privados, siempre con el objetivo de crear una comunidad unida por la cultura y de promover el coleccionismo. A trav\u00e9s de El C\u00edrculo queremos acercar el Arte a todos aquellos y aquellas que lo consideran parte esencial de sus vidas, generando espacios para el di\u00e1logo, el aprendizaje y la inspiraci\u00f3n.[\/vc_column_text][\/vc_column][\/vc_row][vc_row thb_row_padding=\u00bbtrue\u00bb css=\u00bb.vc_custom_1725782602246{margin-top: 50px !important;}\u00bb][vc_column][vc_basic_grid post_type=\u00bbpost\u00bb max_items=\u00bb1&#8243; element_width=\u00bb12&#8243; gap=\u00bb0&#8243; item=\u00bb636&#8243; css=\u00bb\u00bb grid_id=\u00bbvc_gid:1736635288096-73bc4a8e-c010-0&#8243; taxonomies=\u00bb28&#8243;][\/vc_column][\/vc_row][vc_row css=\u00bb.vc_custom_1724532863430{margin-top: 32px !important;}\u00bb][vc_column width=\u00bb1\/2&#8243; css=\u00bb.vc_custom_1736499681288{margin-bottom: 24px !important;}\u00bb][vc_row_inner][vc_column_inner el_class=\u00bbrealted-expo old-post\u00bb css=\u00bb.vc_custom_1725789298506{background-color: #f5f5f5 !important;}\u00bb][vc_column_text css=\u00bb\u00bb]\r\n<h3>Exposiciones anteriores<\/h3>\r\n[\/vc_column_text][vc_basic_grid post_type=\u00bbpost\u00bb max_items=\u00bb6&#8243; element_width=\u00bb12&#8243; gap=\u00bb0&#8243; item=\u00bb116&#8243; css=\u00bb\u00bb grid_id=\u00bbvc_gid:1736635288098-dea360f2-1af2-10&#8243; taxonomies=\u00bb24&#8243;][\/vc_column_inner][\/vc_row_inner][\/vc_column][vc_column width=\u00bb1\/2&#8243; css=\u00bb.vc_custom_1729848394475{margin-bottom: 24px !important;}\u00bb offset=\u00bbvc_hidden-lg vc_hidden-md vc_hidden-sm vc_hidden-xs\u00bb][vc_row_inner][vc_column_inner el_class=\u00bbrealted-expo soon\u00bb css=\u00bb.vc_custom_1724532482391{background-color: #f8eee3 !important;}\u00bb][vc_column_text css=\u00bb\u00bb]\r\n<h3>Pr\u00f3ximamente<\/h3>\r\n[\/vc_column_text][vc_basic_grid post_type=\u00bbpost\u00bb max_items=\u00bb6&#8243; element_width=\u00bb12&#8243; gap=\u00bb0&#8243; item=\u00bb119&#8243; css=\u00bb\u00bb grid_id=\u00bbvc_gid:1736635288099-aeceb674-af0b-0&#8243; taxonomies=\u00bb29&#8243;][\/vc_column_inner][\/vc_row_inner][\/vc_column][\/vc_row]<\/div>","protected":false},"excerpt":{"rendered":"[vc_row thb_row_padding=\u00bbtrue\u00bb][vc_column][vc_column_text css=\u00bb\u00bb] El C\u00edrculo [\/vc_column_text][\/vc_column][\/vc_row][vc_row content_placement=\u00bbmiddle\u00bb el_class=\u00bbz-section\u00bb][vc_column][vc_column_text css=\u00bb\u00bb]El C\u00edrculo es un espacio de encuentro dentro de El Principal de C\u00f2rsega que nace con la voluntad de fomentar la conexi\u00f3n entre personas que comparten el inter\u00e9s por el Arte. En este entorno \u00edntimo, organizamos actividades exclusivas que van desde visitas guiadas y charlas hasta cenas&hellip;","protected":false},"author":1,"featured_media":0,"parent":0,"menu_order":0,"comment_status":"closed","ping_status":"closed","template":"","meta":{"_acf_changed":false,"_monsterinsights_skip_tracking":false,"_monsterinsights_sitenote_active":false,"_monsterinsights_sitenote_note":"","_monsterinsights_sitenote_category":0,"footnotes":""},"class_list":["post-326","page","type-page","status-publish","hentry"],"acf":[],"_links":{"self":[{"href":"https:\/\/elprincipaldecorsega.com\/es\/wp-json\/wp\/v2\/pages\/326","targetHints":{"allow":["GET"]}}],"collection":[{"href":"https:\/\/elprincipaldecorsega.com\/es\/wp-json\/wp\/v2\/pages"}],"about":[{"href":"https:\/\/elprincipaldecorsega.com\/es\/wp-json\/wp\/v2\/types\/page"}],"author":[{"embeddable":true,"href":"https:\/\/elprincipaldecorsega.com\/es\/wp-json\/wp\/v2\/users\/1"}],"replies":[{"embeddable":true,"href":"https:\/\/elprincipaldecorsega.com\/es\/wp-json\/wp\/v2\/comments?post=326"}],"version-history":[{"count":11,"href":"https:\/\/elprincipaldecorsega.com\/es\/wp-json\/wp\/v2\/pages\/326\/revisions"}],"predecessor-version":[{"id":784,"href":"https:\/\/elprincipaldecorsega.com\/es\/wp-json\/wp\/v2\/pages\/326\/revisions\/784"}],"wp:attachment":[{"href":"https:\/\/elprincipaldecorsega.com\/es\/wp-json\/wp\/v2\/media?parent=326"}],"curies":[{"name":"wp","href":"https:\/\/api.w.org\/{rel}","templated":true}]}}

El Círculo

<div class="wpb-content-wrapper">[vc_row thb_row_padding=»true»][vc_column][vc_column_text css=»»]
<h1>El Círculo</h1>
[/vc_column_text][/vc_column][/vc_row][vc_row content_placement=»middle» el_class=»z-section»][vc_column][vc_column_text css=»»]El Círculo es un espacio de encuentro dentro de El Principal de Còrsega que nace con la voluntad de fomentar la conexión entre personas que comparten el interés por el Arte. En este entorno íntimo, organizamos actividades exclusivas que van desde visitas guiadas y charlas hasta cenas y eventos privados, siempre con el objetivo de crear una comunidad unida por la cultura y de promover el coleccionismo. A través de El Círculo queremos acercar el Arte a todos aquellos y aquellas que lo consideran parte esencial de sus vidas, generando espacios para el diálogo, el aprendizaje y la inspiración.[/vc_column_text][/vc_column][/vc_row][vc_row thb_row_padding=»true» css=».vc_custom_1725782602246{margin-top: 50px !important;}»][vc_column][vc_basic_grid post_type=»post» max_items=»1&#8243; element_width=»12&#8243; gap=»0&#8243; item=»636&#8243; css=»» grid_id=»vc_gid:1736635288096-73bc4a8e-c010-0&#8243; taxonomies=»28&#8243;][/vc_column][/vc_row][vc_row css=».vc_custom_1724532863430{margin-top: 32px !important;}»][vc_column width=»1/2&#8243; css=».vc_custom_1736499681288{margin-bottom: 24px !important;}»][vc_row_inner][vc_column_inner el_class=»realted-expo old-post» css=».vc_custom_1725789298506{background-color: #f5f5f5 !important;}»][vc_column_text css=»»]
<h3>Exposiciones anteriores</h3>
[/vc_column_text][vc_basic_grid post_type=»post» max_items=»6&#8243; element_width=»12&#8243; gap=»0&#8243; item=»116&#8243; css=»» grid_id=»vc_gid:1736635288098-dea360f2-1af2-10&#8243; taxonomies=»24&#8243;][/vc_column_inner][/vc_row_inner][/vc_column][vc_column width=»1/2&#8243; css=».vc_custom_1729848394475{margin-bottom: 24px !important;}» offset=»vc_hidden-lg vc_hidden-md vc_hidden-sm vc_hidden-xs»][vc_row_inner][vc_column_inner el_class=»realted-expo soon» css=».vc_custom_1724532482391{background-color: #f8eee3 !important;}»][vc_column_text css=»»]
<h3>Próximamente</h3>
[/vc_column_text][vc_basic_grid post_type=»post» max_items=»6&#8243; element_width=»12&#8243; gap=»0&#8243; item=»119&#8243; css=»» grid_id=»vc_gid:1736635288099-aeceb674-af0b-0&#8243; taxonomies=»29&#8243;][/vc_column_inner][/vc_row_inner][/vc_column][/vc_row]</div>

[vc_row thb_row_padding=»true»][vc_column][vc_column_text css=»»] El Círculo [/vc_column_text][/vc_column][/vc_row][vc_row content_placement=»middle» el_class=»z-section»][vc_column][vc_column_text css=»»]El Círculo es un espacio de encuentro dentro de El Principal de Còrsega que nace con la voluntad de fomentar la conexión entre personas que comparten el interés por el Arte. En este entorno íntimo, organizamos actividades exclusivas que van desde visitas guiadas y charlas hasta cenas&hellip;
