
{"id":740,"date":"2024-08-15T16:34:46","date_gmt":"2024-08-15T16:34:46","guid":{"rendered":"https:\/\/elprincipaldecorsega.com\/\/exposicions\/vida\/"},"modified":"2025-01-11T22:39:22","modified_gmt":"2025-01-11T22:39:22","slug":"vida","status":"publish","type":"exposicions","link":"https:\/\/elprincipaldecorsega.com\/es\/exposicions\/vida\/","title":{"rendered":"\u00abVida\u00bb"},"content":{"rendered":"<div class=\"wpb-content-wrapper\">[vc_row css=\u00bb.vc_custom_1725805389868{margin-bottom: 32px !important;}\u00bb][vc_column][vc_column_text css=\u00bb\u00bb]\r\n<h6>Del 31 de mayo al 30 de septiembre de 2024<\/h6>\r\n\u201cVida\u201d es la exposici\u00f3n 0 de El Principal de C\u00f3rcega. Partiendo de la serie de pinturas y dibujos del mismo t\u00edtulo del desgraciadamente desaparecido I\u00f1aki Moreno, la muestra re\u00fane obras de otros 18 artistas que tienen como motivo central los \u00e1rboles y la Naturaleza en general como generadores de vida: el mencionado I\u00f1aki Moreno, Laura Baringo, Luc\u00eda Blanco, Toni Camarasa, Anna Esplandiu, Matilde Grau, Sylvia Guti\u00e9rrez S\u00e1nchez, Ramon Herreros, Oriol Jolonch, Alexis Lago, Miquel Lligadas, Jordi Llop, Bigas Luna, Ciella Mar, Leila M\u00e9ndez, Fina Oliver, Llu\u00eds Vent\u00f3s, J\u00falia V.R. Bosch y Sonya Villang\u00f3mez.[\/vc_column_text][\/vc_column][\/vc_row][vc_row][vc_column][vc_masonry_media_grid css=\u00bb\u00bb grid_id=\u00bbvc_gid:1736635138071-1e2e692e-a9b5-4&#8243; include=\u00bb280,281,279,278,277,275&#8243;][\/vc_column][\/vc_row]<\/div>","protected":false},"excerpt":{"rendered":"\u00abVida\u00bb es la exposici\u00f3n 0 de El Principal de C\u00f3rcega. Partiendo de la serie de pinturas y dibujos del mismo t\u00edtulo del desgraciadamente desaparecido I\u00f1aki Moreno, re\u00fane la obra de otros 18 artistas, cuyas obras tienen como motivo central los \u00e1rboles y la Naturaleza en general como ageneradores de vida: el mencionado I\u00f1aki Moreno, Laura Baringo, Luc\u00eda Blanco, Toni Camarasa, Anna Esplandiu, Matilde Grau, Sylvia Guti\u00e9rrez S\u00e1nchez, Ramon Herreros, Oriol Jolonch, Alexis Lago, Miguel Ligadas, Jordi Llop, Bigas Luna, Ciella Mar, Leila M\u00e9ndez, Fina Oliver, Llu\u00eds Ven , Julia VR Bosch y Sonya Villang\u00f3mez. ","protected":false},"featured_media":314,"parent":0,"template":"","meta":{"_acf_changed":false,"_monsterinsights_skip_tracking":false,"_monsterinsights_sitenote_active":false,"_monsterinsights_sitenote_note":"","_monsterinsights_sitenote_category":0},"categoria-expos":[26],"class_list":["post-740","exposicions","type-exposicions","status-publish","has-post-thumbnail","hentry","categoria-expos-exposicions"],"acf":[],"_links":{"self":[{"href":"https:\/\/elprincipaldecorsega.com\/es\/wp-json\/wp\/v2\/exposicions\/740","targetHints":{"allow":["GET"]}}],"collection":[{"href":"https:\/\/elprincipaldecorsega.com\/es\/wp-json\/wp\/v2\/exposicions"}],"about":[{"href":"https:\/\/elprincipaldecorsega.com\/es\/wp-json\/wp\/v2\/types\/exposicions"}],"wp:featuredmedia":[{"embeddable":true,"href":"https:\/\/elprincipaldecorsega.com\/es\/wp-json\/wp\/v2\/media\/314"}],"wp:attachment":[{"href":"https:\/\/elprincipaldecorsega.com\/es\/wp-json\/wp\/v2\/media?parent=740"}],"wp:term":[{"taxonomy":"categoria-expos","embeddable":true,"href":"https:\/\/elprincipaldecorsega.com\/es\/wp-json\/wp\/v2\/categoria-expos?post=740"}],"curies":[{"name":"wp","href":"https:\/\/api.w.org\/{rel}","templated":true}]}}

<div class="wpb-content-wrapper">[vc_row css=».vc_custom_1725805389868{margin-bottom: 32px !important;}»][vc_column][vc_column_text css=»»]
<h6>Del 31 de mayo al 30 de septiembre de 2024</h6>
“Vida” es la exposición 0 de El Principal de Córcega. Partiendo de la serie de pinturas y dibujos del mismo título del desgraciadamente desaparecido Iñaki Moreno, la muestra reúne obras de otros 18 artistas que tienen como motivo central los árboles y la Naturaleza en general como generadores de vida: el mencionado Iñaki Moreno, Laura Baringo, Lucía Blanco, Toni Camarasa, Anna Esplandiu, Matilde Grau, Sylvia Gutiérrez Sánchez, Ramon Herreros, Oriol Jolonch, Alexis Lago, Miquel Lligadas, Jordi Llop, Bigas Luna, Ciella Mar, Leila Méndez, Fina Oliver, Lluís Ventós, Júlia V.R. Bosch y Sonya Villangómez.[/vc_column_text][/vc_column][/vc_row][vc_row][vc_column][vc_masonry_media_grid css=»» grid_id=»vc_gid:1736635138071-1e2e692e-a9b5-4&#8243; include=»280,281,279,278,277,275&#8243;][/vc_column][/vc_row]</div>

«Vida» es la exposición 0 de El Principal de Córcega. Partiendo de la serie de pinturas y dibujos del mismo título del desgraciadamente desaparecido Iñaki Moreno, reúne la obra de otros 18 artistas, cuyas obras tienen como motivo central los árboles y la Naturaleza en general como ageneradores de vida: el mencionado Iñaki Moreno, Laura Baringo, Lucía Blanco, Toni Camarasa, Anna Esplandiu, Matilde Grau, Sylvia Gutiérrez Sánchez, Ramon Herreros, Oriol Jolonch, Alexis Lago, Miguel Ligadas, Jordi Llop, Bigas Luna, Ciella Mar, Leila Méndez, Fina Oliver, Lluís Ven , Julia VR Bosch y Sonya Villangómez.
