
{"id":1001,"date":"2025-06-03T13:21:53","date_gmt":"2025-06-03T13:21:53","guid":{"rendered":"https:\/\/elprincipaldecorsega.com\/\/exposicions\/claudia-terstappen-sacred\/"},"modified":"2025-11-10T12:25:16","modified_gmt":"2025-11-10T12:25:16","slug":"claudia-terstappen-sacred","status":"publish","type":"exposicions","link":"https:\/\/elprincipaldecorsega.com\/es\/exposicions\/claudia-terstappen-sacred\/","title":{"rendered":"\u00abCLAUDIA TERSTAPPEN: SACRED\u00bb"},"content":{"rendered":"<div class=\"wpb-content-wrapper\">[vc_row css=\u00bb.vc_custom_1725805389868{margin-bottom: 32px !important;}\u00bb][vc_column][vc_column_text css=\u00bb\u00bb]\r\n<h6>Del 30 de maig de 2025 al 30 de setembre de 2025<\/h6>\r\n<h5>\u201cDigno de veneraci\u00f3n por su car\u00e1cter divino o por estar relacionado con la divinidad\u201d<br data-start=\"169\" data-end=\"172\" \/>\u201cQue es objeto de culto por su relaci\u00f3n con fuerzas sobrenaturales\u201d<br data-start=\"244\" data-end=\"247\" \/><em data-start=\"249\" data-end=\"305\">Definici\u00f3n de Sagrado (del lat\u00edn sacratus) seg\u00fan la RAE<\/em><\/h5>\r\n<p class=\"\" data-start=\"307\" data-end=\"495\">La exposici\u00f3n <em data-start=\"319\" data-end=\"347\">Claudia Terstappen: Sacred<\/em> quiere ser una reflexi\u00f3n en torno al concepto de lo Sagrado desde una perspectiva contempor\u00e1nea en general y desde la visi\u00f3n de Terstappen en particular.<\/p>\r\n<p class=\"\" data-start=\"497\" data-end=\"1026\">Claudia Terstappen, nacida en Arnsberg (Alemania) en 1959 y residente desde hace a\u00f1os entre Barcelona y Melbourne, ha viajado a lo largo de su vida por todo el mundo (de Brasil, Colombia, M\u00e9xico, Jap\u00f3n, China, Indonesia, Islandia, Canad\u00e1, Estados Unidos a Espa\u00f1a) para explorar, desde una visi\u00f3n muy particular que une el arte con la antropolog\u00eda, las huellas de las creencias antiguas y modernas en los mundos natural y cultural. Dicho de otro modo, la permanencia de los mitos, los ritos y las supersticiones en las sociedades del presente.<\/p>\r\n<p class=\"\" data-start=\"1028\" data-end=\"1524\"><em data-start=\"1028\" data-end=\"1036\">Sacred <\/em>muestra lo Sagrado entendido, en primer lugar, como lo religioso, lo ritual y lo mitol\u00f3gico strictu sensu, como atestiguan sus Altares, pero no s\u00f3lo eso. La obra de Claudia Terstappen aborda en paralelo la sacralizaci\u00f3n de todo lo relacionado con la ecolog\u00eda y la naturaleza en sus series de Paisajes, incluyendo tambi\u00e9n el mundo animal, sacralizaci\u00f3n-momificaci\u00f3n que est\u00e1n \u00edntimamente relacionadas con el hecho inevitable de su progresiva destrucci\u00f3n (no hay m\u00e1s que ver sus Incendios).<\/p>\r\n<p class=\"\" data-start=\"1526\" data-end=\"1904\">La relaci\u00f3n entre la vida y la muerte, pues, subyace en el fondo de esta exposici\u00f3n que combina los lenguajes fotogr\u00e1ficos con los tridimensionales, en los que la artista hace uso de la cer\u00e1mica de una forma absolutamente original. De hecho, como sucede en sus fotograf\u00edas, las cer\u00e1micas de Terstappen representan fragmentos de la naturaleza que son dignos de respeto e incluso veneraci\u00f3n.<\/p>\r\n<p class=\"\" data-start=\"1906\" data-end=\"2167\">En <em data-start=\"1908\" data-end=\"1916\">Sacred <\/em>encontramos obras de sus series \u201cSacred places\u201d, \u201cAltars\u201d, \u201cCruz del Romero\u201d, \u201cLandscapes\u201d y \u201cFires\u201d, junto con otras que Claudia ha querido crear expresamente para las salas de El Principal de C\u00f2rsega. Desde aqu\u00ed nuestro m\u00e1s sincero agradecimiento.<\/p>\r\n<p data-start=\"1906\" data-end=\"2167\">Con nuestro m\u00e1s sincero agradecimiento a Palmadotze, Boutwell Schabrowsky Gallery y Dominik Mersch Gallery.<\/p>\r\n[\/vc_column_text][vc_btn title=\u00bbCat\u00e1logo de la exposici\u00f3n\u00bb style=\u00bbgradient-custom\u00bb gradient_custom_color_1=\u00bb#ffffff\u00bb gradient_custom_color_2=\u00bb#ffffff\u00bb gradient_text_color=\u00bb#c2721c\u00bb align=\u00bbright\u00bb i_icon_fontawesome=\u00bbfar fa-sticky-note\u00bb css=\u00bb\u00bb add_icon=\u00bbtrue\u00bb link=\u00bburl:https%3A%2F%2FTO_REPLACE\/wp-content\/uploads\/2025\/06\/CLAUDIA-TERSTAPPEN_CAST_2025.pdf|target:_blank|\u00bb el_class=\u00bbcustom-post-button\u00bb][\/vc_column][\/vc_row][vc_row][vc_column][vc_masonry_media_grid gap=\u00bb20&#8243; css=\u00bb\u00bb grid_id=\u00bbvc_gid:1748956933412-c4ec7106-de3e-5&#8243; include=\u00bb985,977,969,965,830,826,822,818,814,810&#8243;][\/vc_column][\/vc_row]<\/div>","protected":false},"excerpt":{"rendered":"\u201cDigno de veneraci\u00f3n por su car\u00e1cter divino o por estar relacionado con la divinidad\u201d<br>\u201cQue es objeto de culto por su relaci\u00f3n con fuerzas sobrenaturales\u201d<br>Definici\u00f3n de Sagrado (del lat\u00edn sacratus) seg\u00fan la RAE<br><br><br>La exposici\u00f3n Claudia Terstappen: Sacred quiere ser una reflexi\u00f3n en torno al concepto de lo Sagrado desde una perspectiva contempor\u00e1nea en general y desde la visi\u00f3n de Terstappen en particular.","protected":false},"featured_media":976,"parent":0,"template":"","meta":{"_acf_changed":false,"_monsterinsights_skip_tracking":false,"_monsterinsights_sitenote_active":false,"_monsterinsights_sitenote_note":"","_monsterinsights_sitenote_category":0},"categoria-expos":[26],"class_list":["post-1001","exposicions","type-exposicions","status-publish","has-post-thumbnail","hentry","categoria-expos-exposicions"],"acf":[],"_links":{"self":[{"href":"https:\/\/elprincipaldecorsega.com\/es\/wp-json\/wp\/v2\/exposicions\/1001","targetHints":{"allow":["GET"]}}],"collection":[{"href":"https:\/\/elprincipaldecorsega.com\/es\/wp-json\/wp\/v2\/exposicions"}],"about":[{"href":"https:\/\/elprincipaldecorsega.com\/es\/wp-json\/wp\/v2\/types\/exposicions"}],"wp:featuredmedia":[{"embeddable":true,"href":"https:\/\/elprincipaldecorsega.com\/es\/wp-json\/wp\/v2\/media\/976"}],"wp:attachment":[{"href":"https:\/\/elprincipaldecorsega.com\/es\/wp-json\/wp\/v2\/media?parent=1001"}],"wp:term":[{"taxonomy":"categoria-expos","embeddable":true,"href":"https:\/\/elprincipaldecorsega.com\/es\/wp-json\/wp\/v2\/categoria-expos?post=1001"}],"curies":[{"name":"wp","href":"https:\/\/api.w.org\/{rel}","templated":true}]}}

<div class="wpb-content-wrapper">[vc_row css=».vc_custom_1725805389868{margin-bottom: 32px !important;}»][vc_column][vc_column_text css=»»]
<h6>Del 30 de maig de 2025 al 30 de setembre de 2025</h6>
<h5>“Digno de veneración por su carácter divino o por estar relacionado con la divinidad”<br data-start="169" data-end="172" />“Que es objeto de culto por su relación con fuerzas sobrenaturales”<br data-start="244" data-end="247" /><em data-start="249" data-end="305">Definición de Sagrado (del latín sacratus) según la RAE</em></h5>
<p class="" data-start="307" data-end="495">La exposición <em data-start="319" data-end="347">Claudia Terstappen: Sacred</em> quiere ser una reflexión en torno al concepto de lo Sagrado desde una perspectiva contemporánea en general y desde la visión de Terstappen en particular.</p>
<p class="" data-start="497" data-end="1026">Claudia Terstappen, nacida en Arnsberg (Alemania) en 1959 y residente desde hace años entre Barcelona y Melbourne, ha viajado a lo largo de su vida por todo el mundo (de Brasil, Colombia, México, Japón, China, Indonesia, Islandia, Canadá, Estados Unidos a España) para explorar, desde una visión muy particular que une el arte con la antropología, las huellas de las creencias antiguas y modernas en los mundos natural y cultural. Dicho de otro modo, la permanencia de los mitos, los ritos y las supersticiones en las sociedades del presente.</p>
<p class="" data-start="1028" data-end="1524"><em data-start="1028" data-end="1036">Sacred </em>muestra lo Sagrado entendido, en primer lugar, como lo religioso, lo ritual y lo mitológico strictu sensu, como atestiguan sus Altares, pero no sólo eso. La obra de Claudia Terstappen aborda en paralelo la sacralización de todo lo relacionado con la ecología y la naturaleza en sus series de Paisajes, incluyendo también el mundo animal, sacralización-momificación que están íntimamente relacionadas con el hecho inevitable de su progresiva destrucción (no hay más que ver sus Incendios).</p>
<p class="" data-start="1526" data-end="1904">La relación entre la vida y la muerte, pues, subyace en el fondo de esta exposición que combina los lenguajes fotográficos con los tridimensionales, en los que la artista hace uso de la cerámica de una forma absolutamente original. De hecho, como sucede en sus fotografías, las cerámicas de Terstappen representan fragmentos de la naturaleza que son dignos de respeto e incluso veneración.</p>
<p class="" data-start="1906" data-end="2167">En <em data-start="1908" data-end="1916">Sacred </em>encontramos obras de sus series “Sacred places”, “Altars”, “Cruz del Romero”, “Landscapes” y “Fires”, junto con otras que Claudia ha querido crear expresamente para las salas de El Principal de Còrsega. Desde aquí nuestro más sincero agradecimiento.</p>
<p data-start="1906" data-end="2167">Con nuestro más sincero agradecimiento a Palmadotze, Boutwell Schabrowsky Gallery y Dominik Mersch Gallery.</p>
[/vc_column_text][vc_btn title=»Catálogo de la exposición» style=»gradient-custom» gradient_custom_color_1=»#ffffff» gradient_custom_color_2=»#ffffff» gradient_text_color=»#c2721c» align=»right» i_icon_fontawesome=»far fa-sticky-note» css=»» add_icon=»true» link=»url:https%3A%2F%2FTO_REPLACE/wp-content/uploads/2025/06/CLAUDIA-TERSTAPPEN_CAST_2025.pdf|target:_blank|» el_class=»custom-post-button»][/vc_column][/vc_row][vc_row][vc_column][vc_masonry_media_grid gap=»20&#8243; css=»» grid_id=»vc_gid:1748956933412-c4ec7106-de3e-5&#8243; include=»985,977,969,965,830,826,822,818,814,810&#8243;][/vc_column][/vc_row]</div>

“Digno de veneración por su carácter divino o por estar relacionado con la divinidad”<br>“Que es objeto de culto por su relación con fuerzas sobrenaturales”<br>Definición de Sagrado (del latín sacratus) según la RAE<br><br><br>La exposición Claudia Terstappen: Sacred quiere ser una reflexión en torno al concepto de lo Sagrado desde una perspectiva contemporánea en general y desde la visión de Terstappen en particular.
