
{"id":868,"date":"2024-08-15T11:21:48","date_gmt":"2024-08-15T11:21:48","guid":{"rendered":"https:\/\/elprincipaldecorsega.com\/\/by-sonia-villegas\/"},"modified":"2025-05-14T10:51:59","modified_gmt":"2025-05-14T10:51:59","slug":"by-sonia-villegas","status":"publish","type":"page","link":"https:\/\/elprincipaldecorsega.com\/en\/by-sonia-villegas\/","title":{"rendered":"By S\u00f2nia Villegas"},"content":{"rendered":"<div class=\"wpb-content-wrapper\">[vc_row][vc_column][vc_column_text]\r\n<h1>By S\u00f2nia Villegas<\/h1>\r\n[\/vc_column_text][\/vc_column][\/vc_row][vc_row][vc_column width=&#8221;2\/3&#8243;][vc_row_inner css=&#8221;.vc_custom_1725481694839{background-image: url(https:\/\/elprincipaldecorsega.com\/\/wp-content\/uploads\/2024\/09\/bysonia-cmpr-scaled.jpg?id=263) !important;background-position: center !important;background-repeat: no-repeat !important;background-size: cover !important;}&#8221; el_class=&#8221;image-gradient&#8221;][vc_column_inner][vc_column_text css=&#8221;&#8221;]S\u00f2nia Villegas (Barcelona, 1968) is a distinguished professional in the field of art and cultural management, with an extensive career at renowned institutions such as the Fundaci\u00f3 Joan Mir\u00f3 and the Museu Picasso in Barcelona. With solid academic training and international experience, she has led landmark projects and made significant contributions to the world of contemporary art.[\/vc_column_text][\/vc_column_inner][\/vc_row_inner][vc_row_inner css=&#8221;.vc_custom_1725892563015{margin-bottom: 32px !important;}&#8221;][vc_column_inner][vc_column_text css=&#8221;&#8221;]From 2018 to 2023, S\u00f2nia Villegas was the General Coordinator of the Artistic Area at the Fundaci\u00f3 Joan Mir\u00f3-CEAC in Barcelona. She oversaw five major departments: Collections, Restoration, Exhibitions, Publications, and Public Programmes and Education, as well as the Foundation&#8217;s travelling exhibitions office. Prior to this, she served as Curator of Collections and Exhibitions at the same foundation for ten years and as Coordinator of the Mir\u00f3 Chair and the International Mir\u00f3 Research Group until 2017.\n<br>Before her time at the Fundaci\u00f3 Joan Mir\u00f3, she was Chief Curator at the Museu Picasso in Barcelona (until 2009), where she worked for fifteen years in charge of programming, collections, and research, as well as coordinating temporary exhibitions both nationally and internationally.  \n\nShe holds a degree in Art History from the University of Barcelona (UB) and from the Universit\u00e9 Paris IV-Sorbonne, a Master&#8217;s in Cultural Management from the University of Barcelona (UB-Fundaci\u00f3 Bosch i Gimpera), and is currently a PhD candidate in Art History at the University of Barcelona (UB). She also holds a Higher Music Degree from the Conservatori Superior de M\u00fasica del Liceu in Barcelona. \n\nShe has curated exhibitions for various institutions \u2014 notably the \u201cJean Dubuffet\u201d exhibition at the Marc Dom\u00e8nech Gallery, which won the ACCA award in 2015 \u2014 and has been a professor of the Master&#8217;s in Cultural Institutions Management at the Universitat Internacional de Catalunya (UIC) for five years. She is the author of numerous articles on art, particularly on the works of Pablo Picasso, Joan Mir\u00f3, and their contemporaries, published in books, exhibition catalogues, journals, and other specialised publications. \n\nHer most recent and notable work has been the curation and general coordination of \u201cMir\u00f3-Picasso\u201d, an exhibition held simultaneously at the Fundaci\u00f3 Joan Mir\u00f3 and the Museu Picasso in Barcelona during the autumn-winter of 2023-2024, and awarded the ACCA, GAC, and TimeOut Culture awards.\n\nShe has served as a jury member for various awards, including the Pilar Juncosa and Sotheby\u2019s Award and Research Grant on Mir\u00f3 and his artistic-cultural context 2024, organised by Mir\u00f3 Mallorca.\n\nShe is a member of ICOM (International Council of Museums), ICEE (International Committee for Exhibition Exchange), CIMAM (International Committee for Museums and Collections of Modern Art), and IEO (International Exhibitions Organisers).[\/vc_column_text][\/vc_column_inner][\/vc_row_inner][\/vc_column][vc_column width=&#8221;1\/3&#8243; css=&#8221;.vc_custom_1724518940454{padding-top: 20px !important;padding-right: 20px !important;padding-bottom: 20px !important;padding-left: 20px !important;background-color: #f8eee3 !important;}&#8221; el_class=&#8221;orange-aside&#8221;][vc_column_text css=&#8221;&#8221;]<strong>General Coordinator of the Artistic Area at the Fundaci\u00f3 Joan Mir\u00f3 (2018-2023).<\/strong> Responsible for all artistic departments and the travelling exhibitions office.[\/vc_column_text][vc_empty_space][vc_column_text css=&#8221;&#8221;]<strong>Curator and General Coordinator of the \u201cMir\u00f3-Picasso\u201d exhibition (2023-2024)<\/strong>, an award-winning project with the ACCA, GAC, and TimeOut Culture awards.[\/vc_column_text][vc_empty_space][vc_column_text css=&#8221;&#8221;]<strong>Curator of Collections and Coordinator of Exhibitions at the Fundaci\u00f3 Joan Mir\u00f3 (2007-2017).<\/strong> Coordinator of the Mir\u00f3 Chair and the International Mir\u00f3 Research Group.[\/vc_column_text][vc_empty_space][vc_column_text css=&#8221;&#8221;]<strong>Chief Curator at the Museu Picasso in Barcelona (1994-2009).<\/strong> Fifteen years of experience in art programming, collection management, research, and coordinating temporary exhibitions.[\/vc_column_text][vc_empty_space][vc_column_text css=&#8221;&#8221;]<strong>Freelance art curator.<\/strong> Includes the \u201cJean Dubuffet\u201d exhibition at the Marc Dom\u00e8nech Gallery, winner of the ACCA award.[\/vc_column_text][\/vc_column][\/vc_row]<\/div>","protected":false},"excerpt":{"rendered":"[vc_row][vc_column][vc_column_text] By S\u00f2nia Villegas [\/vc_column_text][\/vc_column][\/vc_row][vc_row][vc_column width=&#8221;2\/3&#8243;][vc_row_inner css=&#8221;.vc_custom_1725481694839{background-image: url(https:\/\/elprincipaldecorsega.com\/\/wp-content\/uploads\/2024\/09\/bysonia-cmpr-scaled.jpg?id=263) !important;background-position: center !important;background-repeat: no-repeat !important;background-size: cover !important;}&#8221; el_class=&#8221;image-gradient&#8221;][vc_column_inner][vc_column_text css=&#8221;&#8221;]S\u00f2nia Villegas (Barcelona, 1968) is a distinguished professional in the field of art and cultural management, with an extensive career at renowned institutions such as the Fundaci\u00f3 Joan Mir\u00f3 and the Museu Picasso in Barcelona. With solid academic training&hellip;","protected":false},"author":1,"featured_media":0,"parent":0,"menu_order":0,"comment_status":"closed","ping_status":"closed","template":"","meta":{"_acf_changed":false,"_monsterinsights_skip_tracking":false,"_monsterinsights_sitenote_active":false,"_monsterinsights_sitenote_note":"","_monsterinsights_sitenote_category":0,"footnotes":""},"class_list":["post-868","page","type-page","status-publish","hentry"],"acf":[],"_links":{"self":[{"href":"https:\/\/elprincipaldecorsega.com\/en\/wp-json\/wp\/v2\/pages\/868","targetHints":{"allow":["GET"]}}],"collection":[{"href":"https:\/\/elprincipaldecorsega.com\/en\/wp-json\/wp\/v2\/pages"}],"about":[{"href":"https:\/\/elprincipaldecorsega.com\/en\/wp-json\/wp\/v2\/types\/page"}],"author":[{"embeddable":true,"href":"https:\/\/elprincipaldecorsega.com\/en\/wp-json\/wp\/v2\/users\/1"}],"replies":[{"embeddable":true,"href":"https:\/\/elprincipaldecorsega.com\/en\/wp-json\/wp\/v2\/comments?post=868"}],"version-history":[{"count":5,"href":"https:\/\/elprincipaldecorsega.com\/en\/wp-json\/wp\/v2\/pages\/868\/revisions"}],"predecessor-version":[{"id":878,"href":"https:\/\/elprincipaldecorsega.com\/en\/wp-json\/wp\/v2\/pages\/868\/revisions\/878"}],"wp:attachment":[{"href":"https:\/\/elprincipaldecorsega.com\/en\/wp-json\/wp\/v2\/media?parent=868"}],"curies":[{"name":"wp","href":"https:\/\/api.w.org\/{rel}","templated":true}]}}

By Sònia Villegas

<div class="wpb-content-wrapper">[vc_row][vc_column][vc_column_text]
<h1>By Sònia Villegas</h1>
[/vc_column_text][/vc_column][/vc_row][vc_row][vc_column width=&#8221;2/3&#8243;][vc_row_inner css=&#8221;.vc_custom_1725481694839{background-image: url(https://elprincipaldecorsega.com//wp-content/uploads/2024/09/bysonia-cmpr-scaled.jpg?id=263) !important;background-position: center !important;background-repeat: no-repeat !important;background-size: cover !important;}&#8221; el_class=&#8221;image-gradient&#8221;][vc_column_inner][vc_column_text css=&#8221;&#8221;]Sònia Villegas (Barcelona, 1968) is a distinguished professional in the field of art and cultural management, with an extensive career at renowned institutions such as the Fundació Joan Miró and the Museu Picasso in Barcelona. With solid academic training and international experience, she has led landmark projects and made significant contributions to the world of contemporary art.[/vc_column_text][/vc_column_inner][/vc_row_inner][vc_row_inner css=&#8221;.vc_custom_1725892563015{margin-bottom: 32px !important;}&#8221;][vc_column_inner][vc_column_text css=&#8221;&#8221;]From 2018 to 2023, Sònia Villegas was the General Coordinator of the Artistic Area at the Fundació Joan Miró-CEAC in Barcelona. She oversaw five major departments: Collections, Restoration, Exhibitions, Publications, and Public Programmes and Education, as well as the Foundation&#8217;s travelling exhibitions office. Prior to this, she served as Curator of Collections and Exhibitions at the same foundation for ten years and as Coordinator of the Miró Chair and the International Miró Research Group until 2017.
<br>Before her time at the Fundació Joan Miró, she was Chief Curator at the Museu Picasso in Barcelona (until 2009), where she worked for fifteen years in charge of programming, collections, and research, as well as coordinating temporary exhibitions both nationally and internationally.  

She holds a degree in Art History from the University of Barcelona (UB) and from the Université Paris IV-Sorbonne, a Master&#8217;s in Cultural Management from the University of Barcelona (UB-Fundació Bosch i Gimpera), and is currently a PhD candidate in Art History at the University of Barcelona (UB). She also holds a Higher Music Degree from the Conservatori Superior de Música del Liceu in Barcelona. 

She has curated exhibitions for various institutions — notably the “Jean Dubuffet” exhibition at the Marc Domènech Gallery, which won the ACCA award in 2015 — and has been a professor of the Master&#8217;s in Cultural Institutions Management at the Universitat Internacional de Catalunya (UIC) for five years. She is the author of numerous articles on art, particularly on the works of Pablo Picasso, Joan Miró, and their contemporaries, published in books, exhibition catalogues, journals, and other specialised publications. 

Her most recent and notable work has been the curation and general coordination of “Miró-Picasso”, an exhibition held simultaneously at the Fundació Joan Miró and the Museu Picasso in Barcelona during the autumn-winter of 2023-2024, and awarded the ACCA, GAC, and TimeOut Culture awards.

She has served as a jury member for various awards, including the Pilar Juncosa and Sotheby’s Award and Research Grant on Miró and his artistic-cultural context 2024, organised by Miró Mallorca.

She is a member of ICOM (International Council of Museums), ICEE (International Committee for Exhibition Exchange), CIMAM (International Committee for Museums and Collections of Modern Art), and IEO (International Exhibitions Organisers).[/vc_column_text][/vc_column_inner][/vc_row_inner][/vc_column][vc_column width=&#8221;1/3&#8243; css=&#8221;.vc_custom_1724518940454{padding-top: 20px !important;padding-right: 20px !important;padding-bottom: 20px !important;padding-left: 20px !important;background-color: #f8eee3 !important;}&#8221; el_class=&#8221;orange-aside&#8221;][vc_column_text css=&#8221;&#8221;]<strong>General Coordinator of the Artistic Area at the Fundació Joan Miró (2018-2023).</strong> Responsible for all artistic departments and the travelling exhibitions office.[/vc_column_text][vc_empty_space][vc_column_text css=&#8221;&#8221;]<strong>Curator and General Coordinator of the “Miró-Picasso” exhibition (2023-2024)</strong>, an award-winning project with the ACCA, GAC, and TimeOut Culture awards.[/vc_column_text][vc_empty_space][vc_column_text css=&#8221;&#8221;]<strong>Curator of Collections and Coordinator of Exhibitions at the Fundació Joan Miró (2007-2017).</strong> Coordinator of the Miró Chair and the International Miró Research Group.[/vc_column_text][vc_empty_space][vc_column_text css=&#8221;&#8221;]<strong>Chief Curator at the Museu Picasso in Barcelona (1994-2009).</strong> Fifteen years of experience in art programming, collection management, research, and coordinating temporary exhibitions.[/vc_column_text][vc_empty_space][vc_column_text css=&#8221;&#8221;]<strong>Freelance art curator.</strong> Includes the “Jean Dubuffet” exhibition at the Marc Domènech Gallery, winner of the ACCA award.[/vc_column_text][/vc_column][/vc_row]</div>

[vc_row][vc_column][vc_column_text] By Sònia Villegas [/vc_column_text][/vc_column][/vc_row][vc_row][vc_column width=&#8221;2/3&#8243;][vc_row_inner css=&#8221;.vc_custom_1725481694839{background-image: url(https://elprincipaldecorsega.com//wp-content/uploads/2024/09/bysonia-cmpr-scaled.jpg?id=263) !important;background-position: center !important;background-repeat: no-repeat !important;background-size: cover !important;}&#8221; el_class=&#8221;image-gradient&#8221;][vc_column_inner][vc_column_text css=&#8221;&#8221;]Sònia Villegas (Barcelona, 1968) is a distinguished professional in the field of art and cultural management, with an extensive career at renowned institutions such as the Fundació Joan Miró and the Museu Picasso in Barcelona. With solid academic training&hellip;
